{"id":73,"date":"2026-04-18T19:59:43","date_gmt":"2026-04-18T22:59:43","guid":{"rendered":"http:\/\/sbcs-noroeste.agr.br\/wp5\/produto\/assinatura-anual-de-revista-cientifica-sbcs\/"},"modified":"2026-04-18T19:59:43","modified_gmt":"2026-04-18T22:59:43","slug":"assinatura-anual-de-revista-cientifica-sbcs","status":"publish","type":"product","link":"https:\/\/sbcs-noroeste.agr.br\/wp5\/produto\/assinatura-anual-de-revista-cientifica-sbcs\/","title":{"rendered":"Assinatura Anual de Revista Cient\u00edfica SBCS"},"content":{"rendered":"<p>Assinatura anual da revista cient\u00edfica da SBCS, com artigos e estudos sobre ci\u00eancia do solo e conserva\u00e7\u00e3o ambiental.<\/p>\n","protected":false},"excerpt":{"rendered":"<p>Assinatura anual da revista cient\u00edfica da SBCS, com artigos e estudos sobre ci\u00eancia do solo e conserva\u00e7\u00e3o ambiental.<\/p>\n","protected":false},"featured_media":0,"comment_status":"open","ping_status":"closed","template":"","meta":{"_monsterinsights_skip_tracking":false,"_monsterinsights_sitenote_active":false,"_monsterinsights_sitenote_note":"","_monsterinsights_sitenote_category":0},"product_brand":[],"product_cat":[28],"product_tag":[],"class_list":{"0":"post-73","1":"product","2":"type-product","3":"status-publish","5":"product_cat-publicacoes","7":"first","8":"instock","9":"shipping-taxable","10":"purchasable","11":"product-type-simple"},"_links":{"self":[{"href":"https:\/\/sbcs-noroeste.agr.br\/wp5\/wp-json\/wp\/v2\/product\/73","targetHints":{"allow":["GET"]}}],"collection":[{"href":"https:\/\/sbcs-noroeste.agr.br\/wp5\/wp-json\/wp\/v2\/product"}],"about":[{"href":"https:\/\/sbcs-noroeste.agr.br\/wp5\/wp-json\/wp\/v2\/types\/product"}],"replies":[{"embeddable":true,"href":"https:\/\/sbcs-noroeste.agr.br\/wp5\/wp-json\/wp\/v2\/comments?post=73"}],"wp:attachment":[{"href":"https:\/\/sbcs-noroeste.agr.br\/wp5\/wp-json\/wp\/v2\/media?parent=73"}],"wp:term":[{"taxonomy":"product_brand","embeddable":true,"href":"https:\/\/sbcs-noroeste.agr.br\/wp5\/wp-json\/wp\/v2\/product_brand?post=73"},{"taxonomy":"product_cat","embeddable":true,"href":"https:\/\/sbcs-noroeste.agr.br\/wp5\/wp-json\/wp\/v2\/product_cat?post=73"},{"taxonomy":"product_tag","embeddable":true,"href":"https:\/\/sbcs-noroeste.agr.br\/wp5\/wp-json\/wp\/v2\/product_tag?post=73"}],"curies":[{"name":"wp","href":"https:\/\/api.w.org\/{rel}","templated":true}]}}