{"id":40,"date":"2026-04-18T19:57:27","date_gmt":"2026-04-18T22:57:27","guid":{"rendered":"http:\/\/sbcs-noroeste.agr.br\/wp5\/galeria\/"},"modified":"2026-04-18T20:04:24","modified_gmt":"2026-04-18T23:04:24","slug":"galeria","status":"publish","type":"page","link":"https:\/\/sbcs-noroeste.agr.br\/wp5\/galeria\/","title":{"rendered":"Galeria"},"content":{"rendered":"\n<div class=\"wp-block-group alignfull is-style-ext-preset--group--natural-1--section has-background-background-color has-background has-global-padding is-layout-constrained wp-container-core-group-is-layout-f72f1611 wp-block-group-is-layout-constrained\" id=\"galeria\" style=\"margin-top:0;margin-bottom:0;padding-top:var(--wp--preset--spacing--70);padding-bottom:var(--wp--preset--spacing--70)\">\n<div class=\"wp-block-group alignwide ext-is-logical-start has-global-padding is-content-justification-left is-layout-constrained wp-container-core-group-is-layout-6729bdbe wp-block-group-is-layout-constrained\">\n<h2 class=\"wp-block-heading ext-animate--on\">Explorando avan\u00e7os para proteger solo e recursos h\u00eddricos<\/h2>\n\n\n\n<p class=\"has-text-align-left ext-animate--on\" style=\"margin-top:1.5rem\">Aqui reunimos fotos que revelam a riqueza e import\u00e2ncia da conserva\u00e7\u00e3o ambiental na regi\u00e3o.<\/p>\n<\/div>\n\n\n\n<div class=\"wp-block-columns alignwide is-layout-flex wp-container-core-columns-is-layout-87beb0d0 wp-block-columns-is-layout-flex\">\n<div class=\"wp-block-column is-vertically-aligned-top ext-animate--on is-layout-flow wp-container-core-column-is-layout-f5bb311e wp-block-column-is-layout-flow\">\n<figure class=\"wp-block-image is-style-ext-preset--image--natural-1--image-1--content-bottom is-style-ext-preset--image--natural-1--image-1--content-bottom--2\"><img loading=\"lazy\" decoding=\"async\" width=\"1440\" height=\"960\" class=\"wp-image-95\" src=\"http:\/\/sbcs-noroeste.agr.br\/wp5\/wp-content\/uploads\/2026\/04\/886b292ed75b78db1b927c9f2f0ecc76e1666fe1.jpg\" alt=\"\" style=\"aspect-ratio:1;object-fit:cover\" srcset=\"https:\/\/sbcs-noroeste.agr.br\/wp5\/wp-content\/uploads\/2026\/04\/886b292ed75b78db1b927c9f2f0ecc76e1666fe1.jpg 1440w, https:\/\/sbcs-noroeste.agr.br\/wp5\/wp-content\/uploads\/2026\/04\/886b292ed75b78db1b927c9f2f0ecc76e1666fe1-300x200.jpg 300w, https:\/\/sbcs-noroeste.agr.br\/wp5\/wp-content\/uploads\/2026\/04\/886b292ed75b78db1b927c9f2f0ecc76e1666fe1-1024x683.jpg 1024w, https:\/\/sbcs-noroeste.agr.br\/wp5\/wp-content\/uploads\/2026\/04\/886b292ed75b78db1b927c9f2f0ecc76e1666fe1-768x512.jpg 768w, https:\/\/sbcs-noroeste.agr.br\/wp5\/wp-content\/uploads\/2026\/04\/886b292ed75b78db1b927c9f2f0ecc76e1666fe1-18x12.jpg 18w, https:\/\/sbcs-noroeste.agr.br\/wp5\/wp-content\/uploads\/2026\/04\/886b292ed75b78db1b927c9f2f0ecc76e1666fe1-600x400.jpg 600w\" sizes=\"auto, (max-width: 1440px) 100vw, 1440px\" \/><\/figure>\n\n\n\n<figure class=\"wp-block-image is-style-ext-preset--image--natural-1--image-1--content-right is-style-ext-preset--image--natural-1--image-1--content-right--3\"><img loading=\"lazy\" decoding=\"async\" width=\"1440\" height=\"960\" class=\"wp-image-105\" src=\"http:\/\/sbcs-noroeste.agr.br\/wp5\/wp-content\/uploads\/2026\/04\/2bb7207839e2afd1a9a1bd9dc5d4db5d247b1615.jpg\" alt=\"\" style=\"aspect-ratio:4\/3;object-fit:cover\" srcset=\"https:\/\/sbcs-noroeste.agr.br\/wp5\/wp-content\/uploads\/2026\/04\/2bb7207839e2afd1a9a1bd9dc5d4db5d247b1615.jpg 1440w, https:\/\/sbcs-noroeste.agr.br\/wp5\/wp-content\/uploads\/2026\/04\/2bb7207839e2afd1a9a1bd9dc5d4db5d247b1615-300x200.jpg 300w, https:\/\/sbcs-noroeste.agr.br\/wp5\/wp-content\/uploads\/2026\/04\/2bb7207839e2afd1a9a1bd9dc5d4db5d247b1615-1024x683.jpg 1024w, https:\/\/sbcs-noroeste.agr.br\/wp5\/wp-content\/uploads\/2026\/04\/2bb7207839e2afd1a9a1bd9dc5d4db5d247b1615-768x512.jpg 768w, https:\/\/sbcs-noroeste.agr.br\/wp5\/wp-content\/uploads\/2026\/04\/2bb7207839e2afd1a9a1bd9dc5d4db5d247b1615-18x12.jpg 18w, https:\/\/sbcs-noroeste.agr.br\/wp5\/wp-content\/uploads\/2026\/04\/2bb7207839e2afd1a9a1bd9dc5d4db5d247b1615-600x400.jpg 600w\" sizes=\"auto, (max-width: 1440px) 100vw, 1440px\" \/><\/figure>\n<\/div>\n\n\n\n<div class=\"wp-block-column is-vertically-aligned-top ext-animate--on is-layout-flow wp-container-core-column-is-layout-f5bb311e wp-block-column-is-layout-flow\">\n<figure class=\"wp-block-image is-style-ext-preset--image--natural-1--image-1--content-left is-style-ext-preset--image--natural-1--image-1--content-left--4\"><img loading=\"lazy\" decoding=\"async\" width=\"1080\" height=\"1440\" class=\"wp-image-103\" src=\"http:\/\/sbcs-noroeste.agr.br\/wp5\/wp-content\/uploads\/2026\/04\/397e4f78668d4a37df0ddf373e5d30644c82c938.jpg\" alt=\"\" style=\"aspect-ratio:4\/3;object-fit:cover\" srcset=\"https:\/\/sbcs-noroeste.agr.br\/wp5\/wp-content\/uploads\/2026\/04\/397e4f78668d4a37df0ddf373e5d30644c82c938.jpg 1080w, https:\/\/sbcs-noroeste.agr.br\/wp5\/wp-content\/uploads\/2026\/04\/397e4f78668d4a37df0ddf373e5d30644c82c938-225x300.jpg 225w, https:\/\/sbcs-noroeste.agr.br\/wp5\/wp-content\/uploads\/2026\/04\/397e4f78668d4a37df0ddf373e5d30644c82c938-768x1024.jpg 768w, https:\/\/sbcs-noroeste.agr.br\/wp5\/wp-content\/uploads\/2026\/04\/397e4f78668d4a37df0ddf373e5d30644c82c938-9x12.jpg 9w, https:\/\/sbcs-noroeste.agr.br\/wp5\/wp-content\/uploads\/2026\/04\/397e4f78668d4a37df0ddf373e5d30644c82c938-600x800.jpg 600w\" sizes=\"auto, (max-width: 1080px) 100vw, 1080px\" \/><\/figure>\n\n\n\n<figure class=\"wp-block-image is-style-ext-preset--image--natural-1--image-1--content-left is-style-ext-preset--image--natural-1--image-1--content-left--5\"><img loading=\"lazy\" decoding=\"async\" width=\"1440\" height=\"1030\" class=\"wp-image-96\" src=\"http:\/\/sbcs-noroeste.agr.br\/wp5\/wp-content\/uploads\/2026\/04\/3c4c84cead4303b409e4d692a6cf9dd37d15352b.jpg\" alt=\"\" style=\"aspect-ratio:1;object-fit:cover\" srcset=\"https:\/\/sbcs-noroeste.agr.br\/wp5\/wp-content\/uploads\/2026\/04\/3c4c84cead4303b409e4d692a6cf9dd37d15352b.jpg 1440w, https:\/\/sbcs-noroeste.agr.br\/wp5\/wp-content\/uploads\/2026\/04\/3c4c84cead4303b409e4d692a6cf9dd37d15352b-300x215.jpg 300w, https:\/\/sbcs-noroeste.agr.br\/wp5\/wp-content\/uploads\/2026\/04\/3c4c84cead4303b409e4d692a6cf9dd37d15352b-1024x732.jpg 1024w, https:\/\/sbcs-noroeste.agr.br\/wp5\/wp-content\/uploads\/2026\/04\/3c4c84cead4303b409e4d692a6cf9dd37d15352b-768x549.jpg 768w, https:\/\/sbcs-noroeste.agr.br\/wp5\/wp-content\/uploads\/2026\/04\/3c4c84cead4303b409e4d692a6cf9dd37d15352b-18x12.jpg 18w, https:\/\/sbcs-noroeste.agr.br\/wp5\/wp-content\/uploads\/2026\/04\/3c4c84cead4303b409e4d692a6cf9dd37d15352b-600x429.jpg 600w\" sizes=\"auto, (max-width: 1440px) 100vw, 1440px\" \/><\/figure>\n<\/div>\n<\/div>\n<\/div>\n\n<div class=\"wp-block-group alignfull is-style-ext-preset--group--natural-1--section has-tertiary-background-color has-background has-global-padding is-layout-constrained wp-container-core-group-is-layout-e955bbaf wp-block-group-is-layout-constrained\" id=\"eventos\" style=\"margin-top:0;margin-bottom:0;padding-top:var(--wp--preset--spacing--70);padding-bottom:var(--wp--preset--spacing--70)\">\n<h2 class=\"wp-block-heading has-text-align-center ext-animate--on\">Reuni\u00e3o de pesquisadores para avan\u00e7o na ci\u00eancia do solo<\/h2>\n\n\n\n<p class=\"has-text-align-center ext-animate--on\" style=\"margin-top:1.5rem\">Aqui voc\u00ea encontra informa\u00e7\u00f5es sobre eventos cient\u00edficos e a\u00e7\u00f5es de divulga\u00e7\u00e3o para fortalecer o conhecimento regional.<\/p>\n\n\n\n<div class=\"wp-block-columns alignwide is-layout-flex wp-container-core-columns-is-layout-08c01c1c wp-block-columns-is-layout-flex\">\n<div class=\"wp-block-column ext-animate--on is-layout-flow wp-block-column-is-layout-flow\">\n<div class=\"wp-block-group is-style-ext-preset--group--natural-1--item-card-1--align-center has-global-padding is-layout-constrained wp-block-group-is-layout-constrained is-style-ext-preset--group--natural-1--item-card-1--align-center--7\">\n<figure class=\"wp-block-image\"><img loading=\"lazy\" decoding=\"async\" width=\"1440\" height=\"960\" class=\"wp-image-104\" src=\"http:\/\/sbcs-noroeste.agr.br\/wp5\/wp-content\/uploads\/2026\/04\/68e20f9bfde20bd75e5bba293116e230f48d96de.jpg\" alt=\"\" style=\"aspect-ratio:4\/3;object-fit:cover\" srcset=\"https:\/\/sbcs-noroeste.agr.br\/wp5\/wp-content\/uploads\/2026\/04\/68e20f9bfde20bd75e5bba293116e230f48d96de.jpg 1440w, https:\/\/sbcs-noroeste.agr.br\/wp5\/wp-content\/uploads\/2026\/04\/68e20f9bfde20bd75e5bba293116e230f48d96de-300x200.jpg 300w, https:\/\/sbcs-noroeste.agr.br\/wp5\/wp-content\/uploads\/2026\/04\/68e20f9bfde20bd75e5bba293116e230f48d96de-1024x683.jpg 1024w, https:\/\/sbcs-noroeste.agr.br\/wp5\/wp-content\/uploads\/2026\/04\/68e20f9bfde20bd75e5bba293116e230f48d96de-768x512.jpg 768w, https:\/\/sbcs-noroeste.agr.br\/wp5\/wp-content\/uploads\/2026\/04\/68e20f9bfde20bd75e5bba293116e230f48d96de-18x12.jpg 18w, https:\/\/sbcs-noroeste.agr.br\/wp5\/wp-content\/uploads\/2026\/04\/68e20f9bfde20bd75e5bba293116e230f48d96de-600x400.jpg 600w\" sizes=\"auto, (max-width: 1440px) 100vw, 1440px\" \/><\/figure>\n\n\n\n<div class=\"wp-block-group is-style-default has-global-padding is-layout-constrained wp-block-group-is-layout-constrained\">\n<h3 class=\"wp-block-heading has-text-align-center\">Semin\u00e1rio sobre conserva\u00e7\u00e3o do solo na Amaz\u00f4nia<\/h3>\n\n\n\n<div class=\"wp-block-group is-content-justification-center is-nowrap is-layout-flex wp-container-core-group-is-layout-bc49c576 wp-block-group-is-layout-flex\" style=\"margin-top:24px;padding-top:0;padding-right:0;padding-bottom:0;padding-left:0\">\n<div class=\"wp-block-group is-nowrap is-layout-flex wp-container-core-group-is-layout-2ca071df wp-block-group-is-layout-flex\" style=\"padding-top:0;padding-right:0;padding-bottom:0;padding-left:0\">\n<figure class=\"wp-block-image size-large wp-container-content-c42f3963 wp-duotone-primary-foreground\"><img decoding=\"async\" src=\"data:image\/svg+xml;base64,PHN2ZyB4bWxucz0iaHR0cDovL3d3dy53My5vcmcvMjAwMC9zdmciIHdpZHRoPSIyNCIgaGVpZ2h0PSIyNCIgZmlsbD0iIzAwMDAwMCIgdmlld0JveD0iMCAwIDI1NiAyNTYiPjxwYXRoIGQ9Ik0yMDgsMzJIMTg0VjI0YTgsOCwwLDAsMC0xNiwwdjhIODhWMjRhOCw4LDAsMCwwLTE2LDB2OEg0OEExNiwxNiwwLDAsMCwzMiw0OFYyMDhhMTYsMTYsMCwwLDAsMTYsMTZIMjA4YTE2LDE2LDAsMCwwLDE2LTE2VjQ4QTE2LDE2LDAsMCwwLDIwOCwzMlpNNzIsNDh2OGE4LDgsMCwwLDAsMTYsMFY0OGg4MHY4YTgsOCwwLDAsMCwxNiwwVjQ4aDI0VjgwSDQ4VjQ4Wk0yMDgsMjA4SDQ4Vjk2SDIwOFYyMDhabS02OC03NmExMiwxMiwwLDEsMS0xMi0xMkExMiwxMiwwLDAsMSwxNDAsMTMyWm00NCwwYTEyLDEyLDAsMSwxLTEyLTEyQTEyLDEyLDAsMCwxLDE4NCwxMzJaTTk2LDE3MmExMiwxMiwwLDEsMS0xMi0xMkExMiwxMiwwLDAsMSw5NiwxNzJabTQ0LDBhMTIsMTIsMCwxLDEtMTItMTJBMTIsMTIsMCwwLDEsMTQwLDE3MlptNDQsMGExMiwxMiwwLDEsMS0xMi0xMkExMiwxMiwwLDAsMSwxODQsMTcyWiI+PC9wYXRoPjwvc3ZnPg==\" alt=\"\"\/><\/figure>\n\n\n\n<p class=\"wp-container-content-9cfa9a5a\" style=\"font-size:clamp(14px, 0.875rem + ((1vw - 3.2px) * 0.417), 18px);\">Quando:<\/p>\n<\/div>\n\n\n\n<div class=\"wp-block-group is-nowrap is-layout-flex wp-container-core-group-is-layout-2ca071df wp-block-group-is-layout-flex\" style=\"padding-top:0;padding-right:0;padding-bottom:0;padding-left:0\">\n<figure class=\"wp-block-image size-large wp-duotone-primary-foreground\"><img decoding=\"async\" src=\"data:image\/svg+xml;base64,PHN2ZyB4bWxucz0iaHR0cDovL3d3dy53My5vcmcvMjAwMC9zdmciIHdpZHRoPSIyNCIgaGVpZ2h0PSIyNCIgZmlsbD0iIzAwMDAwMCIgdmlld0JveD0iMCAwIDI1NiAyNTYiPjxwYXRoIGQ9Ik0xMjgsNjRhNDAsNDAsMCwxLDAsNDAsNDBBNDAsNDAsMCwwLDAsMTI4LDY0Wm0wLDY0YTI0LDI0LDAsMSwxLDI0LTI0QTI0LDI0LDAsMCwxLDEyOCwxMjhabTAtMTEyYTg4LjEsODguMSwwLDAsMC04OCw4OGMwLDMxLjQsMTQuNTEsNjQuNjgsNDIsOTYuMjVhMjU0LjE5LDI1NC4xOSwwLDAsMCw0MS40NSwzOC4zLDgsOCwwLDAsMCw5LjE4LDBBMjU0LjE5LDI1NC4xOSwwLDAsMCwxNzQsMjAwLjI1YzI3LjQ1LTMxLjU3LDQyLTY0Ljg1LDQyLTk2LjI1QTg4LjEsODguMSwwLDAsMCwxMjgsMTZabTAsMjA2Yy0xNi41My0xMy03Mi02MC43NS03Mi0xMThhNzIsNzIsMCwwLDEsMTQ0LDBDMjAwLDE2MS4yMywxNDQuNTMsMjA5LDEyOCwyMjJaIj48L3BhdGg+PC9zdmc+\" alt=\"\"\/><\/figure>\n\n\n\n<p class=\"wp-container-content-9cfa9a5a\" style=\"font-size:clamp(14px, 0.875rem + ((1vw - 3.2px) * 0.417), 18px);\">Onde:<\/p>\n<\/div>\n<\/div>\n\n\n\n<p class=\"has-text-align-center\">Discuss\u00e3o sobre pr\u00e1ticas sustent\u00e1veis para preservar os recursos naturais.<\/p>\n<\/div>\n<\/div>\n<\/div>\n\n\n\n<div class=\"wp-block-column ext-animate--on is-layout-flow wp-block-column-is-layout-flow\">\n<div class=\"wp-block-group is-style-ext-preset--group--natural-1--item-card-1--align-center has-global-padding is-layout-constrained wp-block-group-is-layout-constrained is-style-ext-preset--group--natural-1--item-card-1--align-center--8\">\n<figure class=\"wp-block-image\"><img loading=\"lazy\" decoding=\"async\" width=\"1440\" height=\"960\" class=\"wp-image-107\" src=\"http:\/\/sbcs-noroeste.agr.br\/wp5\/wp-content\/uploads\/2026\/04\/0de2e53f708739eae2d02565abe1f90ee774f1b4.jpg\" alt=\"\" style=\"aspect-ratio:4\/3;object-fit:cover\" srcset=\"https:\/\/sbcs-noroeste.agr.br\/wp5\/wp-content\/uploads\/2026\/04\/0de2e53f708739eae2d02565abe1f90ee774f1b4.jpg 1440w, https:\/\/sbcs-noroeste.agr.br\/wp5\/wp-content\/uploads\/2026\/04\/0de2e53f708739eae2d02565abe1f90ee774f1b4-300x200.jpg 300w, https:\/\/sbcs-noroeste.agr.br\/wp5\/wp-content\/uploads\/2026\/04\/0de2e53f708739eae2d02565abe1f90ee774f1b4-1024x683.jpg 1024w, https:\/\/sbcs-noroeste.agr.br\/wp5\/wp-content\/uploads\/2026\/04\/0de2e53f708739eae2d02565abe1f90ee774f1b4-768x512.jpg 768w, https:\/\/sbcs-noroeste.agr.br\/wp5\/wp-content\/uploads\/2026\/04\/0de2e53f708739eae2d02565abe1f90ee774f1b4-18x12.jpg 18w, https:\/\/sbcs-noroeste.agr.br\/wp5\/wp-content\/uploads\/2026\/04\/0de2e53f708739eae2d02565abe1f90ee774f1b4-600x400.jpg 600w\" sizes=\"auto, (max-width: 1440px) 100vw, 1440px\" \/><\/figure>\n\n\n\n<div class=\"wp-block-group is-style-default has-global-padding is-layout-constrained wp-block-group-is-layout-constrained\">\n<h3 class=\"wp-block-heading has-text-align-center\">Workshop de manejo sustent\u00e1vel da \u00e1gua<\/h3>\n\n\n\n<div class=\"wp-block-group is-content-justification-center is-nowrap is-layout-flex wp-container-core-group-is-layout-bc49c576 wp-block-group-is-layout-flex\" style=\"margin-top:24px;padding-top:0;padding-right:0;padding-bottom:0;padding-left:0\">\n<div class=\"wp-block-group is-nowrap is-layout-flex wp-container-core-group-is-layout-2ca071df wp-block-group-is-layout-flex\" style=\"padding-top:0;padding-right:0;padding-bottom:0;padding-left:0\">\n<figure class=\"wp-block-image size-large wp-container-content-c42f3963 wp-duotone-primary-foreground\"><img decoding=\"async\" src=\"data:image\/svg+xml;base64,PHN2ZyB4bWxucz0iaHR0cDovL3d3dy53My5vcmcvMjAwMC9zdmciIHdpZHRoPSIyNCIgaGVpZ2h0PSIyNCIgZmlsbD0iIzAwMDAwMCIgdmlld0JveD0iMCAwIDI1NiAyNTYiPjxwYXRoIGQ9Ik0yMDgsMzJIMTg0VjI0YTgsOCwwLDAsMC0xNiwwdjhIODhWMjRhOCw4LDAsMCwwLTE2LDB2OEg0OEExNiwxNiwwLDAsMCwzMiw0OFYyMDhhMTYsMTYsMCwwLDAsMTYsMTZIMjA4YTE2LDE2LDAsMCwwLDE2LTE2VjQ4QTE2LDE2LDAsMCwwLDIwOCwzMlpNNzIsNDh2OGE4LDgsMCwwLDAsMTYsMFY0OGg4MHY4YTgsOCwwLDAsMCwxNiwwVjQ4aDI0VjgwSDQ4VjQ4Wk0yMDgsMjA4SDQ4Vjk2SDIwOFYyMDhabS02OC03NmExMiwxMiwwLDEsMS0xMi0xMkExMiwxMiwwLDAsMSwxNDAsMTMyWm00NCwwYTEyLDEyLDAsMSwxLTEyLTEyQTEyLDEyLDAsMCwxLDE4NCwxMzJaTTk2LDE3MmExMiwxMiwwLDEsMS0xMi0xMkExMiwxMiwwLDAsMSw5NiwxNzJabTQ0LDBhMTIsMTIsMCwxLDEtMTItMTJBMTIsMTIsMCwwLDEsMTQwLDE3MlptNDQsMGExMiwxMiwwLDEsMS0xMi0xMkExMiwxMiwwLDAsMSwxODQsMTcyWiI+PC9wYXRoPjwvc3ZnPg==\" alt=\"\"\/><\/figure>\n\n\n\n<p class=\"wp-container-content-9cfa9a5a\" style=\"font-size:clamp(14px, 0.875rem + ((1vw - 3.2px) * 0.417), 18px);\">Quando:<\/p>\n<\/div>\n\n\n\n<div class=\"wp-block-group is-nowrap is-layout-flex wp-container-core-group-is-layout-2ca071df wp-block-group-is-layout-flex\" style=\"padding-top:0;padding-right:0;padding-bottom:0;padding-left:0\">\n<figure class=\"wp-block-image size-large wp-duotone-primary-foreground\"><img decoding=\"async\" src=\"data:image\/svg+xml;base64,PHN2ZyB4bWxucz0iaHR0cDovL3d3dy53My5vcmcvMjAwMC9zdmciIHdpZHRoPSIyNCIgaGVpZ2h0PSIyNCIgZmlsbD0iIzAwMDAwMCIgdmlld0JveD0iMCAwIDI1NiAyNTYiPjxwYXRoIGQ9Ik0xMjgsNjRhNDAsNDAsMCwxLDAsNDAsNDBBNDAsNDAsMCwwLDAsMTI4LDY0Wm0wLDY0YTI0LDI0LDAsMSwxLDI0LTI0QTI0LDI0LDAsMCwxLDEyOCwxMjhabTAtMTEyYTg4LjEsODguMSwwLDAsMC04OCw4OGMwLDMxLjQsMTQuNTEsNjQuNjgsNDIsOTYuMjVhMjU0LjE5LDI1NC4xOSwwLDAsMCw0MS40NSwzOC4zLDgsOCwwLDAsMCw5LjE4LDBBMjU0LjE5LDI1NC4xOSwwLDAsMCwxNzQsMjAwLjI1YzI3LjQ1LTMxLjU3LDQyLTY0Ljg1LDQyLTk2LjI1QTg4LjEsODguMSwwLDAsMCwxMjgsMTZabTAsMjA2Yy0xNi41My0xMy03Mi02MC43NS03Mi0xMThhNzIsNzIsMCwwLDEsMTQ0LDBDMjAwLDE2MS4yMywxNDQuNTMsMjA5LDEyOCwyMjJaIj48L3BhdGg+PC9zdmc+\" alt=\"\"\/><\/figure>\n\n\n\n<p class=\"wp-container-content-9cfa9a5a\" style=\"font-size:clamp(14px, 0.875rem + ((1vw - 3.2px) * 0.417), 18px);\">Onde:<\/p>\n<\/div>\n<\/div>\n\n\n\n<p class=\"has-text-align-center\">Atividades pr\u00e1ticas voltadas para a conserva\u00e7\u00e3o h\u00eddrica em \u00e1reas rurais.<\/p>\n<\/div>\n<\/div>\n<\/div>\n\n\n\n<div class=\"wp-block-column ext-animate--on is-layout-flow wp-block-column-is-layout-flow\">\n<div class=\"wp-block-group is-style-ext-preset--group--natural-1--item-card-1--align-center has-global-padding is-layout-constrained wp-block-group-is-layout-constrained is-style-ext-preset--group--natural-1--item-card-1--align-center--9\">\n<figure class=\"wp-block-image\"><img loading=\"lazy\" decoding=\"async\" width=\"1440\" height=\"960\" class=\"wp-image-100\" src=\"http:\/\/sbcs-noroeste.agr.br\/wp5\/wp-content\/uploads\/2026\/04\/f8d8f3de4128f584161497dda38b061580bdc7dc.jpg\" alt=\"\" style=\"aspect-ratio:4\/3;object-fit:cover\" srcset=\"https:\/\/sbcs-noroeste.agr.br\/wp5\/wp-content\/uploads\/2026\/04\/f8d8f3de4128f584161497dda38b061580bdc7dc.jpg 1440w, https:\/\/sbcs-noroeste.agr.br\/wp5\/wp-content\/uploads\/2026\/04\/f8d8f3de4128f584161497dda38b061580bdc7dc-300x200.jpg 300w, https:\/\/sbcs-noroeste.agr.br\/wp5\/wp-content\/uploads\/2026\/04\/f8d8f3de4128f584161497dda38b061580bdc7dc-1024x683.jpg 1024w, https:\/\/sbcs-noroeste.agr.br\/wp5\/wp-content\/uploads\/2026\/04\/f8d8f3de4128f584161497dda38b061580bdc7dc-768x512.jpg 768w, https:\/\/sbcs-noroeste.agr.br\/wp5\/wp-content\/uploads\/2026\/04\/f8d8f3de4128f584161497dda38b061580bdc7dc-18x12.jpg 18w, https:\/\/sbcs-noroeste.agr.br\/wp5\/wp-content\/uploads\/2026\/04\/f8d8f3de4128f584161497dda38b061580bdc7dc-600x400.jpg 600w\" sizes=\"auto, (max-width: 1440px) 100vw, 1440px\" \/><\/figure>\n\n\n\n<div class=\"wp-block-group is-style-default has-global-padding is-layout-constrained wp-block-group-is-layout-constrained\">\n<h3 class=\"wp-block-heading has-text-align-center\">Palestra sobre inova\u00e7\u00e3o em pesquisa do solo<\/h3>\n\n\n\n<div class=\"wp-block-group is-content-justification-center is-nowrap is-layout-flex wp-container-core-group-is-layout-bc49c576 wp-block-group-is-layout-flex\" style=\"margin-top:24px;padding-top:0;padding-right:0;padding-bottom:0;padding-left:0\">\n<div class=\"wp-block-group is-nowrap is-layout-flex wp-container-core-group-is-layout-2ca071df wp-block-group-is-layout-flex\" style=\"padding-top:0;padding-right:0;padding-bottom:0;padding-left:0\">\n<figure class=\"wp-block-image size-large wp-container-content-c42f3963 wp-duotone-primary-foreground\"><img decoding=\"async\" src=\"data:image\/svg+xml;base64,PHN2ZyB4bWxucz0iaHR0cDovL3d3dy53My5vcmcvMjAwMC9zdmciIHdpZHRoPSIyNCIgaGVpZ2h0PSIyNCIgZmlsbD0iIzAwMDAwMCIgdmlld0JveD0iMCAwIDI1NiAyNTYiPjxwYXRoIGQ9Ik0yMDgsMzJIMTg0VjI0YTgsOCwwLDAsMC0xNiwwdjhIODhWMjRhOCw4LDAsMCwwLTE2LDB2OEg0OEExNiwxNiwwLDAsMCwzMiw0OFYyMDhhMTYsMTYsMCwwLDAsMTYsMTZIMjA4YTE2LDE2LDAsMCwwLDE2LTE2VjQ4QTE2LDE2LDAsMCwwLDIwOCwzMlpNNzIsNDh2OGE4LDgsMCwwLDAsMTYsMFY0OGg4MHY4YTgsOCwwLDAsMCwxNiwwVjQ4aDI0VjgwSDQ4VjQ4Wk0yMDgsMjA4SDQ4Vjk2SDIwOFYyMDhabS02OC03NmExMiwxMiwwLDEsMS0xMi0xMkExMiwxMiwwLDAsMSwxNDAsMTMyWm00NCwwYTEyLDEyLDAsMSwxLTEyLTEyQTEyLDEyLDAsMCwxLDE4NCwxMzJaTTk2LDE3MmExMiwxMiwwLDEsMS0xMi0xMkExMiwxMiwwLDAsMSw5NiwxNzJabTQ0LDBhMTIsMTIsMCwxLDEtMTItMTJBMTIsMTIsMCwwLDEsMTQwLDE3MlptNDQsMGExMiwxMiwwLDEsMS0xMi0xMkExMiwxMiwwLDAsMSwxODQsMTcyWiI+PC9wYXRoPjwvc3ZnPg==\" alt=\"\"\/><\/figure>\n\n\n\n<p class=\"wp-container-content-9cfa9a5a\" style=\"font-size:clamp(14px, 0.875rem + ((1vw - 3.2px) * 0.417), 18px);\">Quando:<\/p>\n<\/div>\n\n\n\n<div class=\"wp-block-group is-nowrap is-layout-flex wp-container-core-group-is-layout-2ca071df wp-block-group-is-layout-flex\" style=\"padding-top:0;padding-right:0;padding-bottom:0;padding-left:0\">\n<figure class=\"wp-block-image size-large wp-duotone-primary-foreground\"><img decoding=\"async\" src=\"data:image\/svg+xml;base64,PHN2ZyB4bWxucz0iaHR0cDovL3d3dy53My5vcmcvMjAwMC9zdmciIHdpZHRoPSIyNCIgaGVpZ2h0PSIyNCIgZmlsbD0iIzAwMDAwMCIgdmlld0JveD0iMCAwIDI1NiAyNTYiPjxwYXRoIGQ9Ik0xMjgsNjRhNDAsNDAsMCwxLDAsNDAsNDBBNDAsNDAsMCwwLDAsMTI4LDY0Wm0wLDY0YTI0LDI0LDAsMSwxLDI0LTI0QTI0LDI0LDAsMCwxLDEyOCwxMjhabTAtMTEyYTg4LjEsODguMSwwLDAsMC04OCw4OGMwLDMxLjQsMTQuNTEsNjQuNjgsNDIsOTYuMjVhMjU0LjE5LDI1NC4xOSwwLDAsMCw0MS40NSwzOC4zLDgsOCwwLDAsMCw5LjE4LDBBMjU0LjE5LDI1NC4xOSwwLDAsMCwxNzQsMjAwLjI1YzI3LjQ1LTMxLjU3LDQyLTY0Ljg1LDQyLTk2LjI1QTg4LjEsODguMSwwLDAsMCwxMjgsMTZabTAsMjA2Yy0xNi41My0xMy03Mi02MC43NS03Mi0xMThhNzIsNzIsMCwwLDEsMTQ0LDBDMjAwLDE2MS4yMywxNDQuNTMsMjA5LDEyOCwyMjJaIj48L3BhdGg+PC9zdmc+\" alt=\"\"\/><\/figure>\n\n\n\n<p class=\"wp-container-content-9cfa9a5a\" style=\"font-size:clamp(14px, 0.875rem + ((1vw - 3.2px) * 0.417), 18px);\">Onde:<\/p>\n<\/div>\n<\/div>\n\n\n\n<p class=\"has-text-align-center\">Apresenta\u00e7\u00e3o de estudos recentes e seus impactos para a regi\u00e3o Noroeste.<\/p>\n<\/div>\n<\/div>\n<\/div>\n<\/div>\n<\/div>\n\n<div class=\"wp-block-group alignfull is-style-ext-preset--group--natural-1--section has-background-background-color has-background has-global-padding is-layout-constrained wp-block-group-is-layout-constrained\" id=\"sobre\" style=\"margin-top:0;margin-bottom:0;padding-top:var(--wp--preset--spacing--70);padding-bottom:var(--wp--preset--spacing--70)\">\n<h2 class=\"wp-block-heading has-text-align-center ext-animate--on\">Galeria de iniciativas e projetos no Noroeste<\/h2>\n\n\n\n<p class=\"has-text-align-center ext-animate--on\" style=\"margin-top:1.5rem\">Explore aqui a trajet\u00f3ria, valores e comprometimento do nosso n\u00facleo, fortalecendo a ci\u00eancia do solo e a conserva\u00e7\u00e3o ambiental na Amaz\u00f4nia.<\/p>\n<\/div>\n","protected":false},"excerpt":{"rendered":"<p>Explorando avan\u00e7os para proteger solo e recursos h\u00eddricos Aqui reunimos fotos que revelam a riqueza e import\u00e2ncia da conserva\u00e7\u00e3o ambiental na regi\u00e3o. Reuni\u00e3o de pesquisadores para avan\u00e7o na ci\u00eancia do solo Aqui voc\u00ea encontra informa\u00e7\u00f5es sobre eventos cient\u00edficos e a\u00e7\u00f5es de divulga\u00e7\u00e3o para fortalecer o conhecimento regional. Semin\u00e1rio sobre conserva\u00e7\u00e3o do solo na Amaz\u00f4nia Quando: [&hellip;]<\/p>\n","protected":false},"author":1,"featured_media":0,"parent":0,"menu_order":0,"comment_status":"closed","ping_status":"closed","template":"page-with-title","meta":{"_monsterinsights_skip_tracking":false,"_monsterinsights_sitenote_active":false,"_monsterinsights_sitenote_note":"","_monsterinsights_sitenote_category":0,"footnotes":""},"class_list":["post-40","page","type-page","status-publish","hentry"],"_links":{"self":[{"href":"https:\/\/sbcs-noroeste.agr.br\/wp5\/wp-json\/wp\/v2\/pages\/40","targetHints":{"allow":["GET"]}}],"collection":[{"href":"https:\/\/sbcs-noroeste.agr.br\/wp5\/wp-json\/wp\/v2\/pages"}],"about":[{"href":"https:\/\/sbcs-noroeste.agr.br\/wp5\/wp-json\/wp\/v2\/types\/page"}],"author":[{"embeddable":true,"href":"https:\/\/sbcs-noroeste.agr.br\/wp5\/wp-json\/wp\/v2\/users\/1"}],"replies":[{"embeddable":true,"href":"https:\/\/sbcs-noroeste.agr.br\/wp5\/wp-json\/wp\/v2\/comments?post=40"}],"version-history":[{"count":1,"href":"https:\/\/sbcs-noroeste.agr.br\/wp5\/wp-json\/wp\/v2\/pages\/40\/revisions"}],"predecessor-version":[{"id":108,"href":"https:\/\/sbcs-noroeste.agr.br\/wp5\/wp-json\/wp\/v2\/pages\/40\/revisions\/108"}],"wp:attachment":[{"href":"https:\/\/sbcs-noroeste.agr.br\/wp5\/wp-json\/wp\/v2\/media?parent=40"}],"curies":[{"name":"wp","href":"https:\/\/api.w.org\/{rel}","templated":true}]}}