{"id":2776,"date":"2021-03-15T10:04:34","date_gmt":"2021-03-15T13:04:34","guid":{"rendered":"http:\/\/sbcs-noroeste.agr.br\/wp2\/?post_type=product&#038;p=2776"},"modified":"2024-03-03T00:15:33","modified_gmt":"2024-03-03T03:15:33","slug":"aplicacao-da-distribuicao-normal-reduzida-na-definicao-de-nivel-critico","status":"publish","type":"product","link":"http:\/\/sbcs-noroeste.agr.br\/wp2\/produto\/aplicacao-da-distribuicao-normal-reduzida-na-definicao-de-nivel-critico\/","title":{"rendered":"Aplica\u00e7\u00e3o da Distribui\u00e7\u00e3o Normal Reduzida na Defini\u00e7\u00e3o de N\u00edvel Cr\u00edtico."},"content":{"rendered":"","protected":false},"excerpt":{"rendered":"<p>SBCS NRAOc. Paulo Wadt; 1\u00aa edi\u00e7\u00e3o<\/p>\n","protected":false},"featured_media":4878,"comment_status":"open","ping_status":"closed","template":"","meta":{"neve_meta_sidebar":"","neve_meta_container":"","neve_meta_enable_content_width":"off","neve_meta_content_width":0,"neve_meta_title_alignment":"","neve_meta_author_avatar":"","neve_post_elements_order":"","neve_meta_disable_header":"","neve_meta_disable_footer":"","neve_meta_disable_title":""},"product_cat":[20],"product_tag":[21],"_links":{"self":[{"href":"http:\/\/sbcs-noroeste.agr.br\/wp2\/wp-json\/wp\/v2\/product\/2776"}],"collection":[{"href":"http:\/\/sbcs-noroeste.agr.br\/wp2\/wp-json\/wp\/v2\/product"}],"about":[{"href":"http:\/\/sbcs-noroeste.agr.br\/wp2\/wp-json\/wp\/v2\/types\/product"}],"replies":[{"embeddable":true,"href":"http:\/\/sbcs-noroeste.agr.br\/wp2\/wp-json\/wp\/v2\/comments?post=2776"}],"wp:featuredmedia":[{"embeddable":true,"href":"http:\/\/sbcs-noroeste.agr.br\/wp2\/wp-json\/wp\/v2\/media\/4878"}],"wp:attachment":[{"href":"http:\/\/sbcs-noroeste.agr.br\/wp2\/wp-json\/wp\/v2\/media?parent=2776"}],"wp:term":[{"taxonomy":"product_cat","embeddable":true,"href":"http:\/\/sbcs-noroeste.agr.br\/wp2\/wp-json\/wp\/v2\/product_cat?post=2776"},{"taxonomy":"product_tag","embeddable":true,"href":"http:\/\/sbcs-noroeste.agr.br\/wp2\/wp-json\/wp\/v2\/product_tag?post=2776"}],"curies":[{"name":"wp","href":"https:\/\/api.w.org\/{rel}","templated":true}]}}