{"id":996,"date":"2020-11-20T18:08:50","date_gmt":"2020-11-20T18:08:50","guid":{"rendered":"https:\/\/solos.agr.br\/wp\/?page_id=996"},"modified":"2021-10-04T15:40:33","modified_gmt":"2021-10-04T18:40:33","slug":"reuniao-da-ciencia-do-solo-da-amazonia-ocidental","status":"publish","type":"page","link":"http:\/\/sbcs-noroeste.agr.br\/wp2\/reuniao-da-ciencia-do-solo-da-amazonia-ocidental\/","title":{"rendered":"II Reuni\u00e3o da Ci\u00eancia do Solo da Amaz\u00f4nia Ocidental"},"content":{"rendered":"<h3>II Reuni\u00e3o de Ci\u00eancia do Solo da Amaz\u00f4nia Ocidental<\/h3>\n<p>EVENTO ENCERRADO.<\/p>\n<p>\t\t\t\t\t\t\t\t\t<a href=\"\">Sobre o evento<\/a><br \/>\n\t\t\t\t\t\t\t\t\t<a href=\"\">Programa\u00e7\u00e3o<\/a><br \/>\n\t\t\t\t\t\t\t\t\t<a href=\"\">Participantes<\/a><br \/>\n\t\t\t\t\t\t\t\t\t<a href=\"\">Comiss\u00e3o Organizadora<\/a><br \/>\n\t\t\t\t\t\t\t\t\tSobre o evento<\/p>\n<p>O N\u00facleo Regional Amaz\u00f4nia Ocidental da Sociedade Brasileira de Ci\u00eancia do Solo (NRAOc-SBCS) promoveu de 14 a 17 de outubro de 2014, em Porto Velho \u2013 RO, a II Reuni\u00e3o de Ci\u00eancia do Solo da Amaz\u00f4nia Ocidental (II RCSAOc).<\/p>\n<p>O tema central da reuni\u00e3o foi \u201cO manejo dos solos e a sustentabilidade da produ\u00e7\u00e3o agr\u00edcola na Amaz\u00f4nia Ocidental\u201d. Com esse enfoque, discutimos o est\u00e1gio atual da ci\u00eancia do solo na Amaz\u00f4nia Ocidental, bem como sua aplica\u00e7\u00e3o nas diferentes \u00e1reas que integram o evento e, a partir disso, encontrar solu\u00e7\u00f5es para os problemas atuais, assim como delinear perspectivas para o futuro da regi\u00e3o.<\/p>\n<p>Na composi\u00e7\u00e3o do evento, contamos com apresentadores da regi\u00e3o e convidados de outras regi\u00f5es brasileiras, abrangendo temas de relev\u00e2ncia para a agricultura em ambiente amaz\u00f4nico. Al\u00e9m disso, foram apresentados trabalhos de pesquisa na forma de p\u00f4steres.\u00a0<\/p>\n<p>\t\t\t\t\t\t\t\t\tPrograma\u00e7\u00e3o<\/p>\n<p>Programa\u00e7\u00e3o e atividades desenvolvidas<\/p>\n<p><b>Dia 14 de outubro de 2014 &#8211; Per\u00edodo Noturno<\/b><\/p>\n<p>Cerimonialista: Dulcineia Concei\u00e7\u00e3o de Souza (Embrapa Rond\u00f4nia)<\/p>\n<p>19:00 \u00e0s 19:40: Abertura Oficial (Diretora da FIMCA, Chefe Geral da Embrapa Rond\u00f4nia, Secret\u00e1rio Executivo da Sociedade<\/p>\n<p>Brasileira de Ci\u00eancia do Solo, Diretor do N\u00facleo Regional Amaz\u00f4nia Ocidental; Pr\u00f3-Reitora de Gradua\u00e7\u00e3o da Universidade<\/p>\n<p>Federal de Rond\u00f4nia, Coordenadora do Curso de Agronomia da FIMCA)<\/p>\n<p>19:40 \u00e0s 20:20: Palestra &#8211; A pesquisa agropecu\u00e1ria no noroeste brasileiro. D.Sci. Cesar Augusto Domingues Teixeira. Chefe Geral da Embrapaa Rond\u00f4nia.<\/p>\n<p>20:20 \u00e0s 21:00: Palestra &#8211; A SBCS na Amaz\u00f4nia Ocidental: desafios e oportunidades. D.Sci. Alaerto Luiz Marcolan. Diretor Regional SBCS<\/p>\n<p><b>Dia 15 de outubro de 2014 &#8211; Per\u00edodo Vespertino<\/b><\/p>\n<p>13:00 \u00e0s 22:00: Trabalhos Selecionados &#8211; Sess\u00e3o de P\u00f4steres (1 a 23)<\/p>\n<p>Moderador: M.Sci. Davi Melo de Oliveira. Embrapa Rond\u00f4nia.<\/p>\n<p>14:10 \u00e0s 14:50: Palestra &#8211; M\u00e9todos de An\u00e1lise de Fertilidade para a Amaz\u00f4nia Ocidental. M.Sci. Lucielio Manoel Da Silva. Embrapa Acre<\/p>\n<p>14:50 \u00e0s 15:30: Palestra &#8211; Distribui\u00e7\u00e3o e caracteriza\u00e7\u00e3o das terras aptas para agricultura no Estado de Rond\u00f4nia. M.Sci.<\/p>\n<p>Angelo Mansur Mendes. Embrapa Rond\u00f4nia<\/p>\n<p>15:30 \u00e0s 15:40: Debate<\/p>\n<p>15:40 \u00e0s 16:10: Intervalo<\/p>\n<p>16:10 \u00e0s 17:00: Palestra &#8211; Pastagens na Amaz\u00f4nia Ocidental: Cen\u00e1rio e Manejo. D.Sci. Jucilene Cavali. Universidade Federal de Rond\u00f4nia (UNIR).<\/p>\n<p>17:00 \u00e0s 17:50: Palestra &#8211; Manejo nutricional de cafeeiros clonais na Amaz\u00f4nia Ocidental. D.Sci. Jairo Rafael Machado Dias. UNIR.<\/p>\n<p>17:50 \u00e0s 18:00: Debate.<\/p>\n<p><b>Dia 15 de outubro de 2014 &#8211; Per\u00edodo Noturno<\/b><\/p>\n<p>Moderador: D.Sci. Alexandre Martins Abd\u00e3o Dos Passos. Embrapa Rond\u00f4nia<\/p>\n<p>19:40 \u00e0s 20:20: Confer\u00eancia &#8211; Mineralogia dos solos da Amaz\u00f4nia. PhD. Valdomiro Severino de Souza J\u00fanior. Universidade Federal Rural de Pernambuco.<\/p>\n<p>20:20 \u00e0s 21:00: Palestra &#8211; Fertilidade e aduba\u00e7\u00e3o de gr\u00e3os no cone sul de Rond\u00f4nia. D.Sci. Vicente de Paulo Campos<\/p>\n<p>Godinho. Embrapa Rond\u00f4nia<\/p>\n<p>21:00 \u00e0s 21:40: Palestra &#8211; Manejo do solo em sistemas de plantio direto e convencional na produ\u00e7\u00e3o de gr\u00e3os em solos tropicais. D.Sci. Anderson Bergamin. UNIR<\/p>\n<p>21:40 as 21:50. Debate<\/p>\n<p><b>Dia 16 de outubro de 2014 &#8211; Per\u00edodo Vespertino<\/b><\/p>\n<p>13:00 \u00e0s 22:00: Trabalhos Selecionados &#8211; Sess\u00e3o de P\u00f4steres (24 a 46)<\/p>\n<p>Moderador: M.Sci. Frederico Jos\u00e9 Evangelista Botelho. Embrapa Rond\u00f4nia.<\/p>\n<p>14:10 \u00e0s 14:50: Palestra &#8211; Variabilidade gen\u00e9tica entre acessos de amendoim forrageiro quanto a associa\u00e7\u00e3o a fungos<\/p>\n<p>micorr\u00edzicos arbusculares. M.Sci. Jos\u00e9 Marlo Ara\u00fajo Azevedo. Instituto Federal do Acre (IFAC)<\/p>\n<p>14:50 \u00e0s 15:30: Palestra &#8211; Utiliza\u00e7\u00e3o de res\u00edduos na agricultura: farinha de ossos calcinada. D.Sci. Elvino Ferreira. UNIR<\/p>\n<p>15:30 \u00e0s 15:40: Debate<\/p>\n<p>15:40 \u00e0s 16:10: Intervalo<\/p>\n<p>16:10 \u00e0s 17:00: Palestra &#8211; A fertilidade do solo em sistemas agroflorestais no estado de Rond\u00f4nia. D.Sci. Mar\u00edlia Locatelli.<\/p>\n<p>Embrapa Rond\u00f4nia.<\/p>\n<p>17:00 \u00e0s 17:50: Palestra &#8211; Erosividade da chuva e erodibilidade do solo no Estado de Rond\u00f4nia &#8211; Primeira aproxima\u00e7\u00e3o.<\/p>\n<p>D.Sci. F\u00e1bio R\u00e9gis de Souza. UNIR<\/p>\n<p>17:50 \u00e0s 18:00. Debate<\/p>\n<p><b>Dia 16 de outubro de 2014 &#8211; Per\u00edodo Noturno<\/b><\/p>\n<p>Moderador: M.Sci. Henrique Nery Cipriani. Embrapa Rond\u00f4nia<\/p>\n<p>19:40 \u00e0s 20:20: Confer\u00eancia &#8211; Estado atual do conhecimento dos solos na regi\u00e3o amaz\u00f4nica. PhD. L\u00facia Helena Cunha dos<\/p>\n<p>Anjos. Universidade Federal Rural do Rio de Janeiro<\/p>\n<p>20:20 \u00e0s 21:00: Confer\u00eancia &#8211; Aduba\u00e7\u00e3o, Produtividade das Culturas e Seguran\u00e7a Alimentar. PhD. Eros Francisco. Instituto<\/p>\n<p>Internacional de Nutri\u00e7\u00e3o de Plantas.<\/p>\n<p>21:00 \u00e0s 21:40: Palestra &#8211; Diversidade de solos e ambientes na Amaz\u00f4nia Ocidental. D.Sci. Milton C\u00e9sar Costa Campos.<\/p>\n<p>Universidade Federal do Amazonas.<\/p>\n<p>21:40 as 21:50: Debate.<\/p>\n<p><b>Dia 17 de outubro de 2014 &#8211; Per\u00edodo Matutino<\/b><\/p>\n<p>09:15 \u00e0s 09:30: Assembleia Geral de S\u00f3cios da SBCS vinculados ao N\u00facleo Regional Amaz\u00f4nia Ocidental (1a. Convoca\u00e7\u00e3o).<\/p>\n<p>09:30 \u00e0s 11:00: Assembleia Geral de S\u00f3cios da SBCS vinculados ao N\u00facleo Regional Amaz\u00f4nia Ocidental (2a. Convoca\u00e7\u00e3o).<\/p>\n<p><b>Dia 17 de outubro de 2014 &#8211; Per\u00edodo Vespertino<\/b><\/p>\n<p>13:00 \u00e0s 22:00: Trabalhos Selecionados &#8211; Sess\u00e3o de P\u00f4steres (47 a 69)<\/p>\n<p>Moderador: D.Sci. Marcelo Curitiba Espindula. Embrapa Rond\u00f4nia.<\/p>\n<p>14:10 \u00e0s 14:50: Palestra &#8211; Extra\u00e7\u00e3o e exporta\u00e7\u00e3o de nutrientes do solo em \u00e1reas destinadas \u00e0 produ\u00e7\u00e3o de forragem e<\/p>\n<p>silagem. D.Sci. Rafael Henrique P dos Reis. Instituto Federal de Educa\u00e7\u00e3o, Ci\u00eancia e Tecnologia de Rond\u00f4nia (IFRO).<\/p>\n<p>14:50 \u00e0s 15:30: Palestra &#8211; Variabilidade espacial da qualidade de culturas agr\u00edcolas. D.Sci. Enrique Anast\u00e1cio Alves.<\/p>\n<p>Embrapa Rond\u00f4nia<\/p>\n<p>15:30 \u00e0s 15:40: Debate<\/p>\n<p>15:40 \u00e0s 16:00: Intervalo.<\/p>\n<p>16:10 \u00e0s 17:00: Palestra -Extens\u00e3o rural e ci\u00eancia do solo: Rela\u00e7\u00f5es e desafios em pequenas propriedades da Amaz\u00f4nia.<\/p>\n<p>M.Sci. Elizio Ferreira Frade Junior. Universidade Federal do Acre.<\/p>\n<p>17:00 as 17:50: Palestra &#8211; Atualiza\u00e7\u00f5es em calagem de solos em Rond\u00f4nia. D.Sci. Jairo Andr\u00e9 Schlindwein. UNIR<\/p>\n<p>17:50 \u00e0s 18:30: Debate<\/p>\n<p><b>Dia 17 de outubro de 2014 &#8211; Per\u00edodo Noturno<\/b><\/p>\n<p>Moderador: D.Sci. Rog\u00e9rio Sebasti\u00e3o Corr\u00eaa da Costa. Embrapa Rond\u00f4nia<\/p>\n<p>19:40 \u00e0s 20:20: Confer\u00eancia &#8211; Biodiversidade dos solos na Amaz\u00f4nia: recursos gen\u00e9ticos para a produ\u00e7\u00e3o vegetal<\/p>\n<p>sustent\u00e1vel e qualidade ambiental. PhD. Fatima Maria de Souza Moreira. Universidade Federal de Lavras<\/p>\n<p>20:20 \u00e0s 21:00: Palestra &#8211; Biocarv\u00e3o: possibilidades e implica\u00e7\u00f5es de uso na agricultura. M.Sci. Stella Cristiani Gon\u00e7alves Matoso. IFRO.<\/p>\n<p>21:00 \u00e0s 21:10: Debate<\/p>\n<p>21:00 as 21:30: Encerramento. Diretor do N\u00facleo Regional Amaz\u00f4nia Ocidental. Coordenadora do Curso de Agronomia da\u00a0 FIMCA<\/p>\n<p>\u00a0<\/p>\n<p>\t\t\t\t\t\t\t\t\tParticipantes<\/p>\n<p><b>Participantes inscritos na II Reuni\u00e3o de Ci\u00eancia do Solo da<\/b><\/p>\n<p><b>Amaz\u00f4nia Ocidental<\/b><\/p>\n<p>Abimar Oliveira de Almeida<\/p>\n<p>Adalberto Alves da Silva<\/p>\n<p>Adriano Reis Prazeres Mascarenhas<\/p>\n<p>Alaerto Luiz Marcolan<\/p>\n<p>Alan da Silva Sampaio<\/p>\n<p>Alana Kristin Fernandes Pereira<\/p>\n<p>Alessandro Hydalgo<\/p>\n<p>Alexandre Bueno de Moura<\/p>\n<p>Alexandre Martins<\/p>\n<p>Abd\u00e3o Dos Passos<\/p>\n<p>Altair Mafra Gomes J\u00fanior<\/p>\n<p>Altair Rog\u00e9rio Nunes da Silva<\/p>\n<p>Amanda Caroline Granemann de Oliveira<\/p>\n<p>Ana Paula de Almeida Costa<\/p>\n<p>Ana Paula Silva de Oliveira<\/p>\n<p>Anderson Bergamin<\/p>\n<p>Andr\u00e9 de Paulo Evaristo<\/p>\n<p>Andr\u00e9a Lacerda Bitencourt de Souza<\/p>\n<p>Andr\u00e9ia Marcilane Aker<\/p>\n<p>Andressa Gregolin Moreira<\/p>\n<p>Angel BrendamBueno dos Santos<\/p>\n<p>Angelo Mansur Mendes<\/p>\n<p>Babiane Domingas Venancio Cordeiro<\/p>\n<p>B\u00e1rbarah Ferreira Amorim<\/p>\n<p>Camila Sim\u00f5es<\/p>\n<p>Camila Stefany A. da Silva<\/p>\n<p>Carolina Augusto de Souza<\/p>\n<p>Carolina Barros de Aguiar<\/p>\n<p>Caroline Vivian Smozinski<\/p>\n<p>Cemilla Cristina Alves do Carmo<\/p>\n<p>Cesar Augusto&nbsp;Domingues Teixeira<\/p>\n<p>C\u00edntia Ara\u00fajo Ribeiro Bilio<\/p>\n<p>Claudevan Camargo Costa<\/p>\n<p>Claudia Carolina Da Silva<\/p>\n<p>Clauton Eferson Cordeiro Fernandes<\/p>\n<p>Cl\u00e9ber Rodrigo Silva<\/p>\n<p>Cleiton Gon\u00e7alves Domingues<\/p>\n<p>Cleiton Rodrigues Nascimento Silva<\/p>\n<p>Cleonice da Silva Nunes<\/p>\n<p>Cleuzenir Fran\u00e7a da Silva<\/p>\n<p>Cristiano Nogueira Santos<\/p>\n<p>Daiane Maia Zeferino<\/p>\n<p>Daniela Dos Santos Sales<\/p>\n<p>Danielly Dubberstein<\/p>\n<p>Dario Campana de Moraes<\/p>\n<p>Davi Melo de Oliveira<\/p>\n<p>D\u00e9bora Borile Dedilane Viana de A. Oliveira<\/p>\n<p>Denis Cesar Cararo<\/p>\n<p>Dihelson Navas Martins<\/p>\n<p>Diego da Costa Teixeira<\/p>\n<p>Douglas Revesse da Silva<\/p>\n<p>Douglas Soares da Cunha<\/p>\n<p>Dulcineia Concei\u00e7\u00e3o de Souza<\/p>\n<p>Dvany Mamedes da Silva<\/p>\n<p>Ederson Jos\u00e9 da Silva<\/p>\n<p>Edielsom Almeida da Silva<\/p>\n<p>Edilaine Ist\u00e9fani Franklin Traspadini<\/p>\n<p>Eduardo Barros Rocha<\/p>\n<p>Edv\u00e2nia Armini da Silva<\/p>\n<p>Elaine Cosma Fiorelli Pereira<\/p>\n<p>Eleone Rodrigues de Souza<\/p>\n<p>Elessandro Milan<\/p>\n<p>Eliandra Donato Pereira<\/p>\n<p>Eliane Mazorana de Campos<\/p>\n<p>Eliani Carlos da Silva<\/p>\n<p>Elisa K\u00f6hler Osmari<\/p>\n<p>Elise Francisca Mendes dos Anjos<\/p>\n<p>Elizabete Soares de Queiroz<\/p>\n<p>Elize Franscisca Mendes dos Anjos<\/p>\n<p>Eliziani Tosta Moreira<\/p>\n<p>Elizio Ferreira Frade Junior<\/p>\n<p>Elvino Ferreira<\/p>\n<p>Em\u00edlia Jacob Silva<\/p>\n<p>Enrique Anastacio Alves<\/p>\n<p>Eros Francisco<\/p>\n<p>Fabio Alves Candido<\/p>\n<p>Fabio Laurir de Melo<\/p>\n<p>Fabio R\u00e9gis de Souza<\/p>\n<p>Fabricio da Silva Pereira<\/p>\n<p>Faihuci Martins<\/p>\n<p>Amaral Mustaf\u00e1<\/p>\n<p>Fatima Maria de Souza Moreira<\/p>\n<p>Felipe Nascimento de Miranda<\/p>\n<p>Fernanda Fernandes Valentino<\/p>\n<p>Fernanda Matias Cavalcante Bruno<\/p>\n<p>Fernanda Schneberger dos Santos<\/p>\n<p>Fernando Pfeifer Frederico Jos\u00e9<\/p>\n<p>Evangelista Botelho Geane Brand\u00e3o<\/p>\n<p>Duarte Genis dos Santos e Silva<\/p>\n<p>Giovana Menoncin<\/p>\n<p>Giovanni Braga Passos<\/p>\n<p>Gisele Renata de Castro<\/p>\n<p>Gleice Gomes Costa<\/p>\n<p>Guilherme Peiter Pires<\/p>\n<p>Half Weinberg Corr\u00eaa Jord\u00e3o<\/p>\n<p>Henrique Mitsuharu Suganuma<\/p>\n<p>Henrique Nery Cipriani<\/p>\n<p>Henrique Pagno<\/p>\n<p>Hugo Vieira Garcia<\/p>\n<p>Inacio Lucas<\/p>\n<p>Italo Franco de Almeida<\/p>\n<p>Ivair Miguel da Costa<\/p>\n<p>Izabela de Lima Feitosa<\/p>\n<p>Jackson S. Martins<\/p>\n<p>Jair Floresta Andrade<\/p>\n<p>Jairo Andre Schlindwein<\/p>\n<p>Jairo Rafael Machado Dias<\/p>\n<p>Jairo Santos Nascimento<\/p>\n<p>Janilene Carneiro Duarte<\/p>\n<p>Jardson Renan Suave<\/p>\n<p>Jean Carlos da Silva Ribeiro<\/p>\n<p>Jefferson Castro Casseano Furtado<\/p>\n<p>Jessica Fernandes Dias<\/p>\n<p>J\u00e9ssica Gon\u00e7alves de Souza<\/p>\n<p>J\u00e9ssica Raniele Reis Carvalho<\/p>\n<p>J\u00e9ssica Rodrigues Dalazen<\/p>\n<p>Jhonathann Willian Furquin da Silva<\/p>\n<p>Jo\u00e3o Pedro de Melo Ribeiro<\/p>\n<p>Jo\u00e3o Witor Zani Furlan<\/p>\n<p>Joceane Andressa Tomaz da Silva<\/p>\n<p>Jorge Luiz Heraclito de Mattos<\/p>\n<p>Jose Alexcksandro Filgueiras de Lima<\/p>\n<p>Jos\u00e9 Guilherme da Silva<\/p>\n<p>Jos\u00e9 Marlo Ara\u00fajo Azevedo<\/p>\n<p>Jos\u00e9 Ricardo Nespoli<\/p>\n<p>Jos\u00e9 Teixeira de Farias Netto<\/p>\n<p>Jos\u00e9 Vanor Felini Cat\u00e2nio<\/p>\n<p>Josuel Gren Pereira<\/p>\n<p>Juan Ricardo Rocha<\/p>\n<p>Juarez Ramos Xavier Junior<\/p>\n<p>Jucielton H\u00edtalo da Silva<\/p>\n<p>Jucilene Cavali<\/p>\n<p>Jucilene Correa Martendal<\/p>\n<p>Juliana Guimar\u00e3es Gerola<\/p>\n<p>Jurandyr Jos\u00e9<\/p>\n<p>Ton Giuriatto J\u00fanior<\/p>\n<p>Kapila P\u00e2mela<\/p>\n<p>Pereira Santos<\/p>\n<p>Karen Cristina<\/p>\n<p>Chaves Oliveira<\/p>\n<p>Karine Marques Rodrigues<\/p>\n<p>Kellynildo<\/p>\n<p>Anttelyo F. Santiago<\/p>\n<p>Ketlen Araujo do Santos<\/p>\n<p>Larissa Cristina<\/p>\n<p>Torrezani Starling<\/p>\n<p>Lenita Aparecida Conus Venturoso<\/p>\n<p>L\u00e9o da Silva Sampaio<\/p>\n<p>Let\u00edcia Soares Butzske<\/p>\n<p>Luan Wendel Martins Costa<\/p>\n<p>L\u00facia Helena Cunha dos Anjos<\/p>\n<p>Luciano dos Reis Venturoso<\/p>\n<p>Lucielio Manoel Da Silva<\/p>\n<p>Lucin\u00e9ia Lara da Silva<\/p>\n<p>Luis Antonio Pereira dos Santos<\/p>\n<p>Maiara da Silva Freitas<\/p>\n<p>Marcela Campanharo<\/p>\n<p>Marcelo Curitiba Esp\u00edndula<\/p>\n<p>M\u00e1rcia Bay Marciana Oliveira da Cruz<\/p>\n<p>Marcio Janio Hoffmann Gomes<\/p>\n<p>Marco Antonio Gon\u00e7ales Ribeiro<\/p>\n<p>Marcos Rogerio da Silva Almeida<\/p>\n<p>Marcos Santana Moraes<\/p>\n<p>Maria da Penha Cardoso<\/p>\n<p>Mariana Countrim Santos<\/p>\n<p>Mariana Zamparoni Mar\u00edlia<\/p>\n<p>Locatelli Marinete Flores da Silva<\/p>\n<p>Marivaldo de Menezes Carvalho<\/p>\n<p>M\u00e1rlon Emerick Marta de Souza da Silva<\/p>\n<p>Ma\u00facha Fernanda Mota de Lima<\/p>\n<p>Mauricio Krugel<\/p>\n<p>Maur\u00edcio Portel<\/p>\n<p>Maycon Henrique Sobreira Germano<\/p>\n<p>Mayra Costa dos Reis<\/p>\n<p>Michele Roberta da Silva Caetano<\/p>\n<p>Milton C\u00e9sar Costa Campos<\/p>\n<p>Moacir Andr\u00e9 Horn<\/p>\n<p>Naiara Pires Ramos<\/p>\n<p>Naiely da Silva Alves<\/p>\n<p>Nattan Guylherme Vasconcelos da Silva<\/p>\n<p>Nayara de Souza Silva<\/p>\n<p>Nayara Souza de Amorim<\/p>\n<p>Niki Laudo Rodrigues Castro<\/p>\n<p>Nivea Ribeiro de Santana<\/p>\n<p>Osmar Jonsson Filho<\/p>\n<p>Ot\u00e1vio Fernandes de Souza Filho<\/p>\n<p>Pablo Cunha da Silva<\/p>\n<p>Patr\u00edcia Orlando Royer<\/p>\n<p>Patr\u00edcia Silva de Oliveira Kanarski<\/p>\n<p>Paula Santos de Afonso<\/p>\n<p>Paulo da Silva Gomes<\/p>\n<p>Paulo Guilherme Salvador Wadt<\/p>\n<p>Paulo Henrique Andrade Silva<\/p>\n<p>Paulo Humberto Marcante<\/p>\n<p>Paulo Ricardo Reis Souza<\/p>\n<p>Paulo Tadashi<\/p>\n<p>Utumi Godinho<\/p>\n<p>Pedro Henrique<\/p>\n<p>Coelho Gon\u00e7alves<\/p>\n<p>Priscila Karoliny Silva<\/p>\n<p>Priscilla Neves de Santana<\/p>\n<p>Rafael Henrique P dos Reis<\/p>\n<p>Rafael Pereira Muniz<\/p>\n<p>Rafael Raenger<\/p>\n<p>Raquel GeikeLuxinger<\/p>\n<p>Raquel Schmidt<\/p>\n<p>Rayana Monteiro Gomes<\/p>\n<p>Regiane Ara\u00fajo Pacheco<\/p>\n<p>Reginaldo Almeida Andrade<\/p>\n<p>Renan Mello Frey<\/p>\n<p>Renata Kelly da Silva<\/p>\n<p>Rhayra Zanol Pereira Ritielli<\/p>\n<p>Guimar\u00e3es Ferrari<\/p>\n<p>Rodrigo Gabriel<\/p>\n<p>Martins Jardim<\/p>\n<p>Rodrigo Garcia Magalh\u00e3es Rodrigo Mendes Zaqueo<\/p>\n<p>Rodrigo Trajano de Oliveira<\/p>\n<p>Rog\u00e9rio Sebasti\u00e3o Correa da Costa<\/p>\n<p>Romas Pereira da Silva Romulo Silva<\/p>\n<p>Ronaldo da Mota Ramos<\/p>\n<p>Ronaldo Willian da Silva<\/p>\n<p>Ronicley Souza da Silva<\/p>\n<p>Rosielly Havila Kaminski<\/p>\n<p>Rosinalda Barbosa Ara\u00fajo<\/p>\n<p>Ruan Carlos Lima Broseghini<\/p>\n<p>Rubens Chavito Rodrigues<\/p>\n<p>Ruberlei J\u00fanior de Lima<\/p>\n<p>Rubia Emanuela C de Freitas<\/p>\n<p>Samir Freires de Medeiros<\/p>\n<p>Shyrlene Monnerat da Silva<\/p>\n<p>Silvania Ferreira Fenimam<\/p>\n<p>Solange Aparecida Rodrigues<\/p>\n<p>Stella Cristiani Gon\u00e7alves Matoso<\/p>\n<p>Sueli Borges de Castro<\/p>\n<p>Suzana R. dos Santos<\/p>\n<p>Tallys Oliveira Manzoni<\/p>\n<p>Taynara Veiga Duarte<\/p>\n<p>Thaim\u00e3 Cristina<\/p>\n<p>Jesus Rodrigues<\/p>\n<p>Thaina de Souza Lima<\/p>\n<p>Tha\u00eds Ponh\u00eas dos Santos<\/p>\n<p>Thiago Amaral Lima<\/p>\n<p>Tiago Renan Weber<\/p>\n<p>Ueliton Oliveira de Almeida<\/p>\n<p>U\u00e9liton Pinheiro Janu\u00e1rio<\/p>\n<p>Valdomiro Severino de Souza J\u00fanior<\/p>\n<p>Valter Rodrigo da Silva Volpi<\/p>\n<p>Vanderleia Soares Silva Pereira<\/p>\n<p>Vanessa Ferreire De Menezes<\/p>\n<p>Vanessa Lemos de Souza<\/p>\n<p>Vicente de Paulo Campos Godinho<\/p>\n<p>Wagner Viana Andreatta<\/p>\n<p>Waldiane Ara\u00fajo de Almeida<\/p>\n<p>Walmir de Jesus Pereira<\/p>\n<p>Wanessa Gabryella<\/p>\n<p>Monteiro de Bairros<\/p>\n<p>Welington Leite Gomes<\/p>\n<p>Willian Duarte Botelho<\/p>\n<p>Zislani Fernandes Bortoluzzo<\/p>\n<\/p>\n<p>\t\t\t\t\t\t\t\t\tComiss\u00e3o Organizadora<\/p>\n<p><strong>Coordenador Geral<\/strong><\/p>\n<p>Alaerto Luiz Marcolan (Diretor do N\u00facleo Regional Amaz\u00f4nia Ocidental da<\/p>\n<p>SBCS\/Embrapa Rond\u00f4nia)<\/p>\n<p>Vice coordena\u00e7\u00e3o de Infra-estrutura<\/p>\n<p>Andr\u00e9a Lacerda Bitencourt de Souza (SBCS\/Faculdades Integradas Apar\u00edcio Carvalho &#8211; FIMCA)<\/p>\n<p><strong>Vice coordena\u00e7ao de Apoio Operacional, Comunica\u00e7\u00e3o e Log\u00edstica\u00a0<\/strong><\/p>\n<p>Davi Melo de Oliveira (Embrapa Rond\u00f4nia)<\/p>\n<p>Vice coordena\u00e7\u00e3o Financeira:<\/p>\n<p>Paulo Guilherme Salvador Wadt (Secret\u00e1rio do N\u00facleo Regional Amaz\u00f4nia Ocidental<\/p>\n<p>da SBCS\/Embrapa Rond\u00f4nia)<\/p>\n<p><strong>Vice coordena\u00e7\u00e3o de Divulga\u00e7\u00e3o e Promo\u00e7\u00e3o do Evento:<\/strong><\/p>\n<p>Paulo Guilherme Salvador Wadt (SBCS\/Embrapa Rond\u00f4nia)<\/p>\n<p><strong>Coordenador do Comit\u00ea Editorial<\/strong><\/p>\n<p>Paulo Guilherme Salvador Wadt (SBCS\/Embrapa Rond\u00f4nia)<\/p>\n<p>Vice Coordenadores do Comit\u00ea Editorial<\/p>\n<p>Henrique Nery Cipriani (SBCS\/Embrapa Rond\u00f4nia)<\/p>\n<p>Alaerto Luiz Marcolan (SBCS\/Embrapa Rond\u00f4nia)<\/p>\n<p>Editor Chefe da Obra Anais da II Reuni\u00e3o de Ci\u00eancia do Solo da Amaz\u00f4nia Ocidental<\/p>\n<p>Henrique Nery Cipriani (SBCS\/Embrapa)<\/p>\n<p>Editores Assistentes da Obra Anais da II Reuni\u00e3o de Ci\u00eancia do Solo da Amaz\u00f4nia Ocidental<\/p>\n<p>Alaerto Luiz Marcolan (SBCS\/Embrapa Rond\u00f4nia)<\/p>\n<p>Fernando Machado Pfeifer (SBCS\/FIMCA)<\/p>\n<p>Alexandre Martins Abd\u00e3o dos Passos (SBCS\/Embrapa)<\/p>\n<p>Marcelo Curitiba Espindula (SBCS\/Embrapa Rond\u00f4nia)<\/p>\n<p>Angelo Mansur Mendes (SBCS\/Embrapa Rond\u00f4nia)<\/p>\n<p><strong>Editor Chefe da Obra Manejo de Solos e a Sustentabilidade da Agricultura na Amaz\u00f4nia Ocidental<\/strong><\/p>\n<p>Paulo Guilherme Salvador Wadt (SBCS\/Embrapa Rond\u00f4nia)<\/p>\n<p>Editores Assistentes da Obra Manejo de Solos e a Sustentabilidade da Agricultura na Amaz\u00f4nia Ocidental<\/p>\n<p>Alaerto Luiz Marcolan (SBCS\/Embrapa Rond\u00f4nia)<\/p>\n<p>Stella Cristiani Gon\u00e7alves Matoso (SBCS\/IFRO)<\/p>\n<p>Marcos Gervasio Pereira (SBCS\/Universidade Federal Rural do Rio de Janeiro).<\/p>\n<p>Equipe de Coordena\u00e7\u00e3o Geral<\/p>\n<p>Alaerto Luiz Marcolan (SBCS\/Embrapa Rond\u00f4nia)<\/p>\n<p>Andr\u00e9a Lacerda Bitencourt de Souza (SBCS\/FIMCA)<\/p>\n<p>Davi Melo de Oliveira (Embrapa Rond\u00f4nia)<\/p>\n<p>Fernando Machado Pfeifer (FIMCA)<\/p>\n<p>Paulo Guilherme Salvador Wadt (SBCS\/Embrapa Rond\u00f4nia)<\/p>\n<p>Priscilla Neves de Santana (FIMCA)<\/p>\n<p>Equipe de Apoio Operacional, Comunica\u00e7\u00e3o e Log\u00edstica<\/p>\n<p>Andr\u00e9a Lacerda Bitencourt de Souza (SBCS\/FIMCA)<\/p>\n<p>Clarice da Silva Nunes (FIMCA)<\/p>\n<p>Denis Cesar Cararo (Embrapa Rond\u00f4nia)<\/p>\n<p>Dulcineia Concei\u00e7\u00e3o de Souza (Embrapa Rond\u00f4nia)<\/p>\n<p>Elisa K\u00f6hler Osmari (Embrapa Rond\u00f4nia)<\/p>\n<p>Fernando Machado Pfeifer (SBCS\/FIMCA)<\/p>\n<p>Frederico Jos\u00e9 Evangelista Botelho (Embrapa Rond\u00f4nia)<\/p>\n<p>Janilene Reis (FIMCA)<\/p>\n<p>Jardson Renan Suave (FIMCA)<\/p>\n<p>Joceane Andressa Tomaz da Silva (FIMCA)<\/p>\n<p>Jucielton Hitalo da Silva (FIMCA)<\/p>\n<p>Karina Barbosa da Silva (FIMCA)<\/p>\n<p>Logan Leudo Peixoto da Silva dos Santos Batista (Embrapa Rond\u00f4nia)<\/p>\n<p>Paulo da Silva Gomes (FIMCA)<\/p>\n<p>Priscilla Neves de Santana (FIMCA)<\/p>\n<p>Rafael Alves da Rocha (Embrapa Rond\u00f4nia)<\/p>\n<p>Rafael Pereira Muniz (FIMCA)<\/p>\n<p>Renata Kelly da Silva (Embrapa Rond\u00f4nia)<\/p>\n<p>Rodrigo Mendes Zaqueo (FIMCA)<\/p>\n<p>Sueli Borges de Castro (FIMCA)<\/p>\n<p>Thiago Amaral Lima (FIMCA)<\/p>\n<p>Vanessa Lemos de Souza (FIMCA)<\/p>\n<p>Equipe de Divulga\u00e7\u00e3o e Promo\u00e7\u00e3o do Evento<\/p>\n<p>Alexandre Martins Abd\u00e3o dos Passos (SBCS\/Embrapa)<\/p>\n<p>Andr\u00e9a Lacerda Bitencourt de Souza (SBCS\/FIMCA)<\/p>\n<p>Elizio Ferreira Frade Junior (SBCS\/UFAC)<\/p>\n<p>Fernando Machado Pfeifer (SBCS\/FIMCA)<\/p>\n<p>Henrique Nery Cipriani (SBCS\/Embrapa Rond\u00f4nia)<\/p>\n<p>Jairo Rafael Machado Dias (UNIR)<\/p>\n<p>Paulo Guilherme Salvador Wadt (SBCS\/Embrapa Rond\u00f4nia)<\/p>\n<p>Priscilla Neves de Santana (FIMCA)<\/p>\n<p>Stella Cristiani Matoso\u00a0 (SBCS\/IFRO)<\/p>\n<figure><img decoding=\"async\" src=\"http:\/\/sbcs-noroeste.agr.br\/wp2\/wp-content\/uploads\/elementor\/thumbs\/309_Detalhes_P13_XIIRCC_Pimenta-Bueno-RO_2017-1-1-scaled-p00gjifsp7lnphtq8kivtkyjxzw4bxhgsx6lpnacwg.jpg\" alt=\"309_Detalhes_P13_XIIRCC_Pimenta-Bueno-RO_2017-1\" \/><\/figure>\n<figure><img decoding=\"async\" src=\"http:\/\/sbcs-noroeste.agr.br\/wp2\/wp-content\/uploads\/elementor\/thumbs\/350_Plintitas_P15_FXw_XIIRCC_Pimenteiras-do-Oeste-RO_2017-1-1-scaled-p00gjdqlr1f83g0k00hqz458z2ja9fyt49x6b9hbrk.jpg\" alt=\"350_Plintitas_P15_FXw_XIIRCC_Pimenteiras-do-Oeste-RO_2017-1\" \/><\/figure>\n<figure><img decoding=\"async\" src=\"http:\/\/sbcs-noroeste.agr.br\/wp2\/wp-content\/uploads\/elementor\/thumbs\/261_Cerosidade_P03_NVef_XIIRCC_AltaFlorestadoOeste-RO_2017-1-scaled-p00gj1ipa6yhwiiazd7lkp89927ihdmaqlfv2nzg0g.jpg\" alt=\"261_Cerosidade_P03_NVef_XIIRCC_AltaFlorestadoOeste-RO_2017-1\" \/><\/figure>\n<figure><img decoding=\"async\" src=\"http:\/\/sbcs-noroeste.agr.br\/wp2\/wp-content\/uploads\/elementor\/thumbs\/309_Detalhes_P13_XIIRCC_Pimenta-Bueno-RO_2017-scaled-p00gg56m7kzo3spuwm40dxk3bahrqz43c90ysya574.jpg\" alt=\"309_Detalhes_P13_XIIRCC_Pimenta-Bueno-RO_2017\" \/><\/figure>\n<figure><img decoding=\"async\" src=\"http:\/\/sbcs-noroeste.agr.br\/wp2\/wp-content\/uploads\/elementor\/thumbs\/045_Plintita-e-mosqueado_P01_FXd_XIIRCC_Porto-Velho-RO_2017-scaled-p00fsxk3fv7regfng2wobafb7qwgo1yptd2b5yp4uo.jpg\" alt=\"045_Plintita-e-mosqueado_P01_FXd_XIIRCC_Porto-Velho-RO_2017\" \/><\/figure>\n<figure><img decoding=\"async\" src=\"http:\/\/sbcs-noroeste.agr.br\/wp2\/wp-content\/uploads\/elementor\/thumbs\/249_Detalhes_P03_NVef_XIIRCC_Alta-Floresta-do-Oeste-RO_2017-1-scaled-p00fsjgilcogkb04qet9rvzeaytygleqrfa0yta1g0.jpg\" alt=\"249_Detalhes_P03_NVef_XIIRCC_Alta-Floresta-do-Oeste-RO_2017\" \/><\/figure>\n<p>\t\t\t\t\t\tAnterior<br \/>\n\t\t\t\t\t\tPr\u00f3ximo<\/p>\n","protected":false},"excerpt":{"rendered":"<p>II Reuni\u00e3o de Ci\u00eancia do Solo da Amaz\u00f4nia Ocidental EVENTO ENCERRADO. Sobre o evento Programa\u00e7\u00e3o Participantes Comiss\u00e3o Organizadora Sobre o evento O N\u00facleo Regional Amaz\u00f4nia Ocidental da Sociedade Brasileira de Ci\u00eancia do Solo (NRAOc-SBCS) promoveu de 14 a 17 de outubro de 2014, em Porto Velho \u2013 RO, a II Reuni\u00e3o de Ci\u00eancia do Solo&hellip;&nbsp;<a href=\"http:\/\/sbcs-noroeste.agr.br\/wp2\/reuniao-da-ciencia-do-solo-da-amazonia-ocidental\/\" class=\"\" rel=\"bookmark\">Continue a ler &raquo;<span class=\"screen-reader-text\">II Reuni\u00e3o da Ci\u00eancia do Solo da Amaz\u00f4nia Ocidental<\/span><\/a><\/p>\n","protected":false},"author":2,"featured_media":0,"parent":0,"menu_order":0,"comment_status":"closed","ping_status":"closed","template":"page-templates\/template-pagebuilder-full-width.php","meta":{"neve_meta_sidebar":"full-width","neve_meta_container":"","neve_meta_enable_content_width":"on","neve_meta_content_width":100,"neve_meta_title_alignment":"","neve_meta_author_avatar":"","neve_post_elements_order":"","neve_meta_disable_header":"","neve_meta_disable_footer":"","neve_meta_disable_title":"on","footnotes":""},"_links":{"self":[{"href":"http:\/\/sbcs-noroeste.agr.br\/wp2\/wp-json\/wp\/v2\/pages\/996"}],"collection":[{"href":"http:\/\/sbcs-noroeste.agr.br\/wp2\/wp-json\/wp\/v2\/pages"}],"about":[{"href":"http:\/\/sbcs-noroeste.agr.br\/wp2\/wp-json\/wp\/v2\/types\/page"}],"author":[{"embeddable":true,"href":"http:\/\/sbcs-noroeste.agr.br\/wp2\/wp-json\/wp\/v2\/users\/2"}],"replies":[{"embeddable":true,"href":"http:\/\/sbcs-noroeste.agr.br\/wp2\/wp-json\/wp\/v2\/comments?post=996"}],"version-history":[{"count":57,"href":"http:\/\/sbcs-noroeste.agr.br\/wp2\/wp-json\/wp\/v2\/pages\/996\/revisions"}],"predecessor-version":[{"id":4920,"href":"http:\/\/sbcs-noroeste.agr.br\/wp2\/wp-json\/wp\/v2\/pages\/996\/revisions\/4920"}],"wp:attachment":[{"href":"http:\/\/sbcs-noroeste.agr.br\/wp2\/wp-json\/wp\/v2\/media?parent=996"}],"curies":[{"name":"wp","href":"https:\/\/api.w.org\/{rel}","templated":true}]}}