{"id":2078,"date":"2020-11-20T18:02:25","date_gmt":"2020-11-20T18:02:25","guid":{"rendered":"https:\/\/solos.agr.br\/wp\/?page_id=978"},"modified":"2021-07-27T11:59:03","modified_gmt":"2021-07-27T14:59:03","slug":"ix-rcc-acre","status":"publish","type":"page","link":"http:\/\/sbcs-noroeste.agr.br\/wp2\/ix-rcc-acre\/","title":{"rendered":"IX RCC Acre"},"content":{"rendered":"<h3>IX Reuni\u00e3o Brasileira de Classifica\u00e7\u00e3o e Correla\u00e7\u00e3o de Solos &#8211; ACRE<\/h3>\n<p>EVENTO ENCERRADO.<\/p>\n<p>\t\t\t\t\t\t\t\t\t<a href=\"\">IX RCC Acre<\/a><br \/>\n\t\t\t\t\t\t\t\t\t<a href=\"\">Sobre o evento<\/a><br \/>\n\t\t\t\t\t\t\t\t\t<a href=\"\">Programa\u00e7\u00e3o<\/a><br \/>\n\t\t\t\t\t\t\t\t\t<a href=\"\">Participantes<\/a><br \/>\n\t\t\t\t\t\t\t\t\t<a href=\"\">Comiss\u00e3o Organizadora<\/a><br \/>\n\t\t\t\t\t\t\t\t\tIX RCC Acre<\/p>\n<p>O objetivo do evento foi avan\u00e7ar no conhecimento t\u00e9cnico-cient\u00edfico sobre os solos sedimentares da Bacia do Acre e avaliar os processos de sua g\u00eanese em fun\u00e7\u00e3o das mudan\u00e7as clim\u00e1ticas pret\u00e9ritas e pelo soerguimento da Cordilheira dos Andes.<\/p>\n<p>A IX RCC foi realizada, no per\u00edodo de 12 a 17 de setembro de 2010, pela Embrapa com a parceria da Secretaria de Meio Ambiente do Estado do Acre e de diversas Universidades Brasileiras. Tamb\u00e9m contou com o apoio financeiro do CNPq e da CAPES.<\/p>\n<p><a href=\"https:\/\/solos.agr.br\/wp\/ebooks\/\">Clique aqui para acessar os ebooks.<\/a><\/p>\n<p>\t\t\t\t\t\t\t\t\tSobre o evento<\/p>\n<p>A Amaz\u00f4nia representa o maior bioma da Am\u00e9rica do Sul e a floresta amaz\u00f4nica distribui-se por nove pa\u00edses sul-americanos: 60% est\u00e1 no Brasil e o restante na Bol\u00edvia, Col\u00f4mbia, Equador, Guiana, Guiana Francesa, Peru, Suriname e Venezuela.<\/p>\n<p>Apesar da extens\u00e3o geogr\u00e1fica da regi\u00e3o e de sua import\u00e2ncia estrat\u00e9gica para a integra\u00e7\u00e3o da Am\u00e9rica do Sul, de seu papel como reservat\u00f3rio de grande biodiversidade e de recursos naturais e dos desafios aos seu desenvolvimento, ainda no in\u00edcio deste s\u00e9culo XXI, seus solos s\u00e3o pouco conhecidos, adotando-se generaliza\u00e7\u00f5es de outras regi\u00f5es para sua classifica\u00e7\u00e3o, manejo e uso.<\/p>\n<p>Frente a este cen\u00e1rio, a Sociedade Brasileira de Ci\u00eancia do Solo tomou a iniciativa de promover a nona edi\u00e7\u00e3o da <b>Reuni\u00e3o Brasileira de Classifica\u00e7\u00e3o e Correla\u00e7\u00e3o de Solos<\/b> (IX RCC) no Estado do Acre,\u00a0 com o tema Solos Sedimentares em Sistemas Amaz\u00f4nicos:\u00a0 Potencialidades e Demandas de Pesquisa.<\/p>\n<p>A IX RCC, al\u00e9m de contribuir para o aprimoramento do Sistema Brasileiro de Classifica\u00e7\u00e3o de Solos e nas correla\u00e7\u00f5es entre solos e ambiente, realizou video-aulas e uma s\u00e9rie de pesquisa com solos coletados nos perfis do roteiro de viagens, al\u00e9m de promover a difus\u00e3o de material bibliogr\u00e1fico de trabalhos t\u00e9cnicos e cient\u00edficos realizados com no Estado do Acre ou com solos similares da Forma\u00e7\u00e3o Solim\u00f5es.<\/p>\n<p>Neste momento, a Comiss\u00e3o Organizadora da IX RCC espera transferir para a comunidade cient\u00edfica, docentes e professores de Ci\u00eancia do Solo e \u00e1reas correlatas, e disponibilizar ao p\u00fablico em geral, os principais resultados deste evento, para que seus resultados sejam efetivos na promo\u00e7\u00e3o do desenvolvimento cient\u00edfico, social e econ\u00f4mico desta imensa regi\u00e3o sul-americana.<\/p>\n<p>Agradecemos pelo esfor\u00e7o individual de cada um dos participantes da IX RCC, que por meio das discuss\u00f5es e debates t\u00e9cnicos-cient\u00edficos, contribu\u00edram de forma inequ\u00edvoca para a qualidade do evento, em especial, o professor Paulo Klinger Tito Jacomine pela sua incans\u00e1vel colabora\u00e7\u00e3o e o ped\u00f3logo Raphael David dos Santos, pela sua sensibilidade cr\u00edtica quanto aos desafios para o desenvolvimento da Amaz\u00f4nia.<\/p>\n<p>\u00a0<\/p>\n<p>\u00a0<\/p>\n<p>\t\t\t\t\t\t\t\t\tPrograma\u00e7\u00e3o<\/p>\n<p><b>Programa\u00e7\u00e3o definitiva.<\/b><\/p>\n<p>Dia 13\/09\/2010 (segunda-feira).<\/p>\n<p><b>Seq\u00fc\u00eancia Latossolos-Neossolos-Espodossolos<\/b><\/p>\n<p>Moderador: Edson Alves de Ara\u00fajo<\/p>\n<p>Relatora: Cristiane Val\u00e9ria de Oliveira<\/p>\n<p>08:00 h: visita a campo em perfil de ESPODOSSOLO HUMIL\u00daVICO e em regi\u00e3o com vegeta\u00e7\u00e3o de Campinarana &#8211;<a href=\"http:\/\/www.sbcs-noroeste.agr.br\/rcc\/ixrcc\/prog_ac01.html\"> Perfil\u00a0 AC-01<\/a><\/p>\n<p>Palestrante: L\u00facia Helena Cunha dos Anjos<\/p>\n<p>14:30 h: visita a campo em M\u00e2ncio Lima em perfil de LATOSSOLO AMARELO &#8211;<a href=\"http:\/\/www.sbcs-noroeste.agr.br\/rcc\/ixrcc\/prog_ac02.html\"> Perfil AC-02<\/a><\/p>\n<p>Palestrante: Jos\u00e9 Coelho de Ara\u00fajo Filho<\/p>\n<p>Pernoite em Cruzeiro do Sul<\/p>\n<p>Dia 14\/09\/2010 (ter\u00e7a-feira):<\/p>\n<p><b>Argissolos Vermelhos<\/b><\/p>\n<p>Moderadores: Falberni de Sousa Costa e L\u00facia Helena Cunha dos Anjos<\/p>\n<p>Relatora: Carmem Sueze Miranda Masutti<\/p>\n<p>08:00 h: visita a campo no projeto de Assentamento Santa Luzia, perfil de ARGISSOLO VERMELHO &#8211;<a href=\"http:\/\/www.sbcs-noroeste.agr.br\/rcc\/ixrcc\/prog_ac04.html\"> Perfil AC-04<\/a><\/p>\n<p>Palestrante: Amaury de Carvalho Filho<\/p>\n<p>14:00 h: Floresta Estadual do Mogno, perfil de ARGISSOLO VERMELHO &#8211;<a href=\"http:\/\/www.sbcs-noroeste.agr.br\/rcc\/ixrcc\/prog_ac05.html\"> Perfil AC-05<\/a><\/p>\n<p>Palestrante: Virlei \u00c1lvaro de Oliveira<\/p>\n<p>15:30h: Floresta Estadual do Rio Greg\u00f3rio, perfil de ARGISSOLO VERMELHO &#8211;<a href=\"http:\/\/www.sbcs-noroeste.agr.br\/rcc\/ixrcc\/prog_ac06.html\"> Perfil AC-6<\/a><\/p>\n<p>Palestrante: Jo\u00e3o Herbert Moreira Viana<\/p>\n<p>Pernoite em Tarauac\u00e1<\/p>\n<p>Dia 15\/09\/2010 (quarta-feira):<\/p>\n<p><b>Solos com Argilas de Alta Atividade<\/b><\/p>\n<p>Moderadores: Sebasti\u00e3o Barreiros Calderano; Eduardo Guimar\u00e3es Couto e Alberto Vasconcellos Inda Junior<\/p>\n<p>Relatora: Carmem Sueze Miranda Masutti<\/p>\n<p>08:30 h: Munic\u00edpio de Tarauac\u00e1, perfil de ARGISSOLO VERMELHO-AMARELO &#8211;<a href=\"http:\/\/www.sbcs-noroeste.agr.br\/rcc\/ixrcc\/prog_ac09.html\"> Perfil AC-09<\/a><\/p>\n<p>Palestrante: Virlei \u00c1lvaro de Oliveira<\/p>\n<p>10:30 h: Munic\u00edpio de Tarauac\u00e1, perfil de LUVISSOLO CR\u00d4MICO &#8211;<a href=\"http:\/\/www.sbcs-noroeste.agr.br\/rcc\/ixrcc\/prog_ac08.html\"> Perfil AC-08<\/a><\/p>\n<p>Palestrante: Marcos Gervasio Pereira<\/p>\n<p>14:30 h: Munic\u00edpio de Tarauac\u00e1, perfil de VERTISSOLO H\u00c1PLICO &#8211;<a href=\"http:\/\/www.sbcs-noroeste.agr.br\/rcc\/ixrcc\/prog_ac07.html\"> Perfil AC-07<\/a><\/p>\n<p>Palestrante: Paulo Klinger Tito Jacomine<\/p>\n<p>Pernoite em Tarauac\u00e1<\/p>\n<p>Dia 16\/09\/2010 (quinta-feira):<\/p>\n<p><b>Seq\u00fc\u00eancia Luvissolos &#8211; Vertissolos<\/b><\/p>\n<p>Moderador: Jaime Antonio de Almeida<\/p>\n<p>Relator: Marcos Gervasio Pereira<\/p>\n<p>08:00 h: Munic\u00edpio de Feij\u00f3, perfil de LUVISSOLO CR\u00d4MICO &#8211;<a href=\"http:\/\/www.sbcs-noroeste.agr.br\/rcc\/ixrcc\/prog_ac10.html\"> Perfil AC-10<\/a><\/p>\n<p>Palestrante: Jos\u00e9 Francisco Lumbreras<\/p>\n<p>16:00 h: Munic\u00edpio de Sena Madureira, perfil de VERTISSOLO H\u00c1PLICO &#8211;<a href=\"http:\/\/www.sbcs-noroeste.agr.br\/rcc\/ixrcc\/prog_ac11.html\"> Perfil AC-11<\/a><\/p>\n<p>Palestrante: Mateus Rosas Ribeiro<\/p>\n<p>Pernoite em Rio Branco<\/p>\n<p>Dia 17\/09\/2019 (sexta-feira):<\/p>\n<p><b>Plintossolo<\/b><\/p>\n<p>Moderador: Falberni de Sousa Costa<\/p>\n<p>Relatora: Marlen Barros e Silva<\/p>\n<p>08:00 h: Munic\u00edpio de Rio Branco, perfil de PLINTOSSOLO H\u00c1PLICO &#8211;<a href=\"http:\/\/www.sbcs-noroeste.agr.br\/rcc\/ixrcc\/prog_ac13.html\"> Perfil AC-13<\/a><\/p>\n<p>Palestrante: Edson Alves de Ara\u00fajo<\/p>\n<p>10:00 h: Visita a pontos de interesse paleontol\u00f3gico (geoglifos)<\/p>\n<p>15:00 h: Anfiteatro do Museu dos Autonomistas: apresenta\u00e7\u00e3o dos resultados das Pesquisas Coligadas e Assembl\u00e9ia Geral e Encerramento.<\/p>\n<p>\u00a0<\/p>\n<p>\t\t\t\t\t\t\t\t\tParticipantes<\/p>\n<p>Adriana Monteiro da Costa<\/p>\n<p>Adriana Reatto dos Santos Braga<\/p>\n<p>Alberto Vasconcellos Inda Junior<\/p>\n<p>Alexandre Pereira de Bakker<\/p>\n<p>Amaury de Carvalho Filho<\/p>\n<p>Ana Maria Souza dos Santos Moreau<\/p>\n<p>Antonio Ramalho-Filho<\/p>\n<p>Antonio Willian Flores de Melo<\/p>\n<p>Carlos Alberto Flores<\/p>\n<p>Carlos Ernesto Schaefer<\/p>\n<p>Carmem Sueze Miranda Masutti<\/p>\n<p>Charles Henderson Alves de Oliveira<\/p>\n<p>Cristiane Val\u00e9ria de Oliveira<\/p>\n<p>Dalcimar Regina Batista Wangen<\/p>\n<p>Deyvid Diego Carvalho Maranh\u00e3o<\/p>\n<p>Edgar Shinzato<\/p>\n<p>Edson Alves de Ara\u00fajo<\/p>\n<p>Eduardo Guimar\u00e3es Couto<\/p>\n<p>Elaine Almeida Delarmelinda<\/p>\n<p>Elizio Ferreira Frade Junior<\/p>\n<p>Enio Fraga da Silva<\/p>\n<p>Eufran Ferreira do Amaral<\/p>\n<p>Eurico Lucas de Sousa Neto<\/p>\n<p>\u00c9llen Albuquerque Abud<\/p>\n<p>Falberni de Souza Costa<\/p>\n<p>Gilberto Fernandes Corr\u00eaa<\/p>\n<p>Gon\u00e7alo Signorelli de Farias<\/p>\n<p>Guilherme Kangussu Donagemma<\/p>\n<p>Itamar Andrioli<\/p>\n<p>Jaime Antonio de Almeida<\/p>\n<p>Jos\u00e9 Coelho de Ara\u00fajo Filho<\/p>\n<p>Jo\u00e3o Batista Martiniano Pereira<\/p>\n<p>Jo\u00e3o Herbert Moreira Viana<\/p>\n<p>Jo\u00e3o Roberto Correia<\/p>\n<p>Jos\u00e9 Francisco Lumbreras<\/p>\n<p>Jos\u00e9 Frutuoso do Vale J\u00fanior<\/p>\n<p>Karen Adami Rodrigues<\/p>\n<p>Leonardo Santos Collier<\/p>\n<p>Lucielio Manoel da Silva<\/p>\n<p>L\u00facia Helena Cunha dos Anjos<\/p>\n<p>L\u00facio Fl\u00e1vio Zancanela do Carmo<\/p>\n<p>Manoel Batista de Oliveira Neto<\/p>\n<p>M\u00e1rcio Rossi<\/p>\n<p>Marlen Barros e Silva<\/p>\n<p>Manuel Alves Ribeiro Neto<\/p>\n<p>Marcio Rocha Francelino<\/p>\n<p>Marcos Gervasio Pereira<\/p>\n<p>Marcos Silveira<\/p>\n<p>Marcus Manoel Fernandes<\/p>\n<p>Maria Eloisa Cardoso da Rosa<\/p>\n<p>Mateus Rosas Ribeiro<\/p>\n<p>Mateus Rosas Ribeiro Filho<\/p>\n<p>Neyde Fabiola Balarezo Giarola<\/p>\n<p>Nilson Gomes Bardales<\/p>\n<p>Oldair Vinhas Costa<\/p>\n<p>Orlando Augusto de Figueiredo Filho<\/p>\n<p>Ot\u00e1vio Antonio de Camargo<\/p>\n<p>Paulo Guilherme Salvador Wadt<\/p>\n<p>Paulo Klinger Tito Jacomine<\/p>\n<p>Raimundo Cosme de Oliveira J\u00fanior<\/p>\n<p>Raphael David dos Santos<\/p>\n<p>Ricardo Esp\u00edndola Romero<\/p>\n<p>Rosana Cavalcante dos Santos<\/p>\n<p>Sandra Tereza Teixeira<\/p>\n<p>S\u00e9rgio Hideiti Shimizu<\/p>\n<p>Sebasti\u00e3o Barreiros Calderano<\/p>\n<p>Sergio da Silva Fiuza<\/p>\n<p>Sonaira Souza da Silva<\/p>\n<p>Saul Moreira Silva<\/p>\n<p>Tadario Kamel de Oliveira<\/p>\n<p>Tony Jarbas Ferreira Cunha<\/p>\n<p>Valdinar Ferreira Melo<\/p>\n<p>Valdomiro Severino de Souza J\u00fanior<\/p>\n<p>Virlei \u00c1lvaro de Oliveira<\/p>\n<p>Wanderson Henrique do Couto<\/p>\n<p><b>Estat\u00edsticas gerais sobre os participantes da IX RCC;<\/b><\/p>\n<p>No total, foram setenta e cinco participantes.<\/p>\n<p>N\u00e3o houve lista de indica\u00e7\u00e3o de participantes pelo Comit\u00ea Executivo do Sistema Brasileiro de Classifica\u00e7\u00e3o de Solos, mas somente limita\u00e7\u00e3o do n\u00famero de vagas dispon\u00edveis, de forma que as inscri\u00e7\u00f5es foram sendo confirmadas a medida que houve a efetiva\u00e7\u00e3o do pagamento da taxa de inscri\u00e7\u00e3o. Este processo permitiu a participa\u00e7\u00e3o de pessoas que nunca haviam participado de edi\u00e7\u00f5es anteriores da RCC.<\/p>\n<p>O n\u00famero de vagas ampliado, para 75 pessoas, tamb\u00e9m viabilizou novas participa\u00e7\u00f5es, n\u00e3o poss\u00edveis de ocorrer em edi\u00e7\u00f5es anteriores. \u00c9 importante destacar, entretanto, que foram realizadas 150 pr\u00e9-inscri\u00e7\u00f5es (indica\u00e7\u00f5es de interesse em participar do evento), significando que a limita\u00e7\u00e3o de n\u00famero de vagas (imposta por quest\u00f5es de log\u00edstica) impediu a participa\u00e7\u00e3o de um maior n\u00famero de profissionais.<\/p>\n<p>Dos participantes, 89% s\u00e3o formados na \u00e1rea b\u00e1sica de agronomia ou engenharia agron\u00f4mica, 4% s\u00e3o da \u00e1rea de geologia, 4% da \u00e1rea de geografia, 1% da \u00e1rea de engenharia florestal e 1% da \u00e1rea de biologia.<\/p>\n<p>Em rela\u00e7\u00e3o a regi\u00e3o de atua\u00e7\u00e3o profissional, 39% dos participantes s\u00e3o da regi\u00e3o sudeste, 31% da regi\u00e3o norte (dos quais 75% s\u00e3o do Estado do Acre), 13% foram da regi\u00e3o nordeste, 9% da regi\u00e3o sul e 8% da regi\u00e3o centro-oeste. Estes profissionais atuam em 38 diferentes institui\u00e7\u00f5es, sendo:<\/p>\n<p>&#8211; oito participantes da Universidade Federal do Acre;<\/p>\n<p>&#8211; sete participantes da Embrapa Solos;<\/p>\n<p>&#8211; cinco participantes da Universidade Federal Rural do Rio de Janeiro, da Universidade Federal Rural de Pernambuco e da Universidade Federal de Vi\u00e7osa;<\/p>\n<p>&#8211; quatro participantes da Embrapa Acre e de Secretarias do Estado do Acre;<\/p>\n<p>&#8211; dois participantes da Embrapa Cerrados, da Universidade Federal de Roraima, da Universidade do Estado de Mato Grosso, da Universidade de S\u00e3o Paulo, do Instituto Brasileiro de Geografia e Estat\u00edstica, da Embrapa Solos\/ UEP Recife e da Embrapa Milho e Sorgo.<\/p>\n<p>&#8211; um participante da Universidade Federal do Vale do S\u00e3o Francisco, da Universidade Federal do Tocantins, da Universidade Federal do Rio Grande do Sul, da Universidade Federal do Rio de Janeiro, da Universidade Federal do Rec\u00f4ncavo da Bahia, da Universidade Federal de Uberl\u00e2ndia, da Universidade Federal de Lavras, Universidade Federal de Goi\u00e1s, da Universidade Federal da Bahia, da Universidade Federal\u00a0 de Pelotas, da Universidade Estadual Paulista, da Universidade Estadual de Ponta Grossa, da Universidade Estadual de Minas Gerais, da Universidade do Estado de Santa Catarina, da consultoria Solos, Estudos e Levantamentos Ltda, do Instituto Florestal de S\u00e3o Paulo, do Instituto Federal do Acre, do Instituto de Pesquisas da Amaz\u00f4nia, do Instituto Agron\u00f4mico do Paran\u00e1, do Instituto Agron\u00f4mico de Campinas, da Embrapa Clima Temperado e da Embrapa Amaz\u00f4nia Oriental.<\/p>\n<p>No tocante ao perfil profissional, 44% atuam como professores do ensino superior, 37% atuam como pesquisadores da \u00e1rea cient\u00edfica, 9% atuam como estudantes de p\u00f3s-gradua\u00e7\u00e3o, 5% como t\u00e9cnicos de n\u00edvel superior e 1% atuam como consultores, estudantes de gradua\u00e7\u00e3o ou est\u00e3o aposentados.<\/p>\n<p>Embora 11% dos participantes n\u00e3o tenham informado a idade, dentre os informantes, 19,4% possuem idade inferior a 35 anos, 59,7% possuem idade entre 35 a 55 anos e 20,9% possuem idade superior a 55 anos. De todos os participantes, 59% possuem t\u00edtulo de doutorado, 21% possuem t\u00edtulo de mestrado, 11% possuem PhD e 9% s\u00e3o bachar\u00e9is.<\/p>\n<p>\u00a0<\/p>\n<p>\u00a0<\/p>\n<p>\t\t\t\t\t\t\t\t\tComiss\u00e3o Organizadora<\/p>\n<p><b>PROMO\u00c7\u00c3O<\/b><\/p>\n<p>SOCIEDADE BRASILEIRA DE CI\u00caNCIA DO SOLO<\/p>\n<p><b>ORGANIZA\u00c7\u00c3O<\/b><\/p>\n<p>EMBRAPA<\/p>\n<p>UNIVERSIDADE FEDERAL RURAL DO RIO DE JANEIRO<\/p>\n<p>SECRETARIA DE ESTADO DO MEIO AMBIENTE DO ESTADO DO ACRE<\/p>\n<p><b>APOIO<\/b><\/p>\n<p>CONSELHO NACIONAL DE DESENVOLVIMENTO CIENT\u00cdFICO E TECNOL\u00d3GICO &#8211; CNPq<\/p>\n<p>COORDENA\u00c7\u00c3O DE PESSOAL DE APERFEI\u00c7OAMENTO DE N\u00cdVEL SUPERIOR &#8211; CAPES<\/p>\n<p>INSTITUTO BRASILEIRO DE GEOGRAFIA E ESTAT\u00cdSTICA<\/p>\n<p>UNIVERSIDADE DO ESTADO DE SANTA CATARINA<\/p>\n<p>UNIVERSIDADE FEDERAL DO ACRE<\/p>\n<p>UNIVERSIDADE FEDERAL DE PERNAMBUCO<\/p>\n<p>UNIVERSIDADE FEDERAL DE VI\u00c7OSA<\/p>\n<p>COMISS\u00c3O ORGANIZADORA<\/p>\n<p><b>Coordena\u00e7\u00e3o Geral<\/b><\/p>\n<p>Lucielio Manoel da Silva (Embrapa Acre)<\/p>\n<p>Paulo Guilherme Salvador Wadt (Embrapa Acre)<\/p>\n<p>Vice-coordenadores<\/p>\n<p>L\u00facia Helena Cunha dos Anjos (UFRRJ)<\/p>\n<p>Amaury de Carvalho Filho (Embrapa Solos)<\/p>\n<p>Falberni Costa de Souza (Embrapa Acre)<\/p>\n<p><strong>Colaboradores t\u00e9cnico-cient\u00edficos<\/strong><\/p>\n<p>Alberto Vasconcellos Inda Junior (UFRGS)<\/p>\n<p> Ant\u00f4nio Ramalho Filho (Embrapa Solos)<\/p>\n<p>Carlos Ernesto G. R. Schaefer (UFV),<\/p>\n<p>Edson Alves de Ara\u00fajo (SEMA)<\/p>\n<p> Elaine Almeida Delarmelinda (UFAC)<\/p>\n<p>Elizio Ferreira Frade Junior (UFAC)<\/p>\n<p> Eufran Ferreira do Amaral (SEMA)<\/p>\n<p> Guilherme Donagemma (Embrapa Solos)<\/p>\n<p>Humberto Gon\u00e7alves dos Santos (Embrapa Solos)<\/p>\n<p>Jaime Ant\u00f4nio de Almeida (UDESC)<\/p>\n<p>Jess\u00e9\u00a0 Rodrigo Fink (UFRGS)<\/p>\n<p>\u00a0Jo\u00e3o Luis Lani (Embrapa Solos)<\/p>\n<p> Jo\u00e3o Batista Martiano Pereira (Embrapa Acre)<\/p>\n<p> Jo\u00e3o Herbert Moreira Vianna (Embrapa Milho e Sorgo)<\/p>\n<p>\u00a0 Jos\u00e9 Coelho de Ara\u00fajo Filho (Embrapa Solos)<\/p>\n<p> Jos\u00e9 Francisco Lumbreras (Embrapa Solos)<\/p>\n<p> Marcelo Metri Corr\u00eaa (UFRPE), M\u00e1rcio Rocha Francelino (UFRRJ)<\/p>\n<p>Marcos Gervasio Pereira (UFRRJ)<\/p>\n<p>Maur\u00edcio Rizzato Coelho (Embrapa Solos)<\/p>\n<p> Nilson Bardales (SEMA)<\/p>\n<p>Paulo Klinger Tito Jacomine (UFRPE)<\/p>\n<p> Sandra Tereza Teixeira (UFAC)<\/p>\n<p> Sebastiao Calderano (Embrapa Solos<\/p>\n<p>S\u00e9rgio Shimizu (IBGE)<\/p>\n<p> Virlei de Oliveira (IBGE)<\/p>\n<p> Wanderson Henrique Couto (UFRRJ)<\/p>\n<p>Valdomiro Catani (Embrapa Acre).<\/p>\n<p><strong>Editores<\/strong><\/p>\n<p>Paulo Guilherme Salvador Wadt (Embrapa Acre)<\/p>\n<p>L\u00facia Helena Cunha dos Anjos (UFRRJ)<\/p>\n<p>Lucielio Manoel Silva (Embrapa Acre),\u00a0 Marcos Gervasio Pereira (UFRRJ)<\/p>\n<p>Falberni Costa de Souza (Embrapa Acre)<\/p>\n<p>Jos\u00e9 Francisco Lumbreras (Embrapa Solos)<\/p>\n<p><strong>Coordena\u00e7\u00e3o Log\u00edstica<\/strong><\/p>\n<p>Francisco de Assis Correa Silva (Embrapa Acre)<\/p>\n<p><strong>Colaboradores: <\/strong><\/p>\n<p>Eufran Ferreira do Amaral (SEMA)<\/p>\n<p>Edson Alves de Ara\u00fajo (SEMA)<\/p>\n<p> Pedro Raimundo Rodrigues de Ara\u00fajo (Embrapa Acre)<\/p>\n<p>Neutemir de Souza Feitoza (Embrapa Acre)<\/p>\n<p>Eduardo Arthur de Castro Pinho (Embrapa Acre)<\/p>\n<p> Daniel de Almeida Papa (Embrapa Acre)<\/p>\n<p> Hugo Soares Kern (Embrapa Acre)<\/p>\n<p> Manoel Delson Campos Filho (Embrapa Acre).<\/p>\n<p><b>Tesouraria<\/b><\/p>\n<p>Paulo Guilherme Salvador Wadt (Embrapa Acre)<\/p>\n<p>Lucielio Manoel da Silva (Embrapa Acre)<\/p>\n<p>Programa\u00e7\u00e3o Visual, Website, Produ\u00e7\u00e3o de V\u00eddeo e CD-ROM<\/p>\n<p>Paulo Guilherme Salvador Wadt (Embrapa Acre)<\/p>\n<p>Colaboradores: Jo\u00e3o Gabriel Bezerra (Embrapa Acre), Eider Carlos Paulino (Embrapa Acre), Cylmara Rocha Gripp (Acre Rural), Marcos Gripp (Acre Rural), Paulo Roberto LIma do Nascimento (Acre Rural),\u00a0 Cleigiane de Oliveira Lemos (Embrapa Acre).<\/p>\n<p>Jornalismo<\/p>\n<p>L\u00e9a Medeiros (SBCS)<\/p>\n<p><b>Colaboradores<\/b><\/p>\n<p>Priscila Viudes (Embrapa Acre), Diva da Concei\u00e7\u00e3o Gon\u00e7alves (Embrapa Acre), Hugo Soares Kern (Embrapa Acre)<\/p>\n<p>\u00a0<\/p>\n","protected":false},"excerpt":{"rendered":"<p>IX Reuni\u00e3o Brasileira de Classifica\u00e7\u00e3o e Correla\u00e7\u00e3o de Solos &#8211; ACRE EVENTO ENCERRADO. IX RCC Acre Sobre o evento Programa\u00e7\u00e3o Participantes Comiss\u00e3o Organizadora IX RCC Acre O objetivo do evento foi avan\u00e7ar no conhecimento t\u00e9cnico-cient\u00edfico sobre os solos sedimentares da Bacia do Acre e avaliar os processos de sua g\u00eanese em fun\u00e7\u00e3o das mudan\u00e7as clim\u00e1ticas&hellip;&nbsp;<a href=\"http:\/\/sbcs-noroeste.agr.br\/wp2\/ix-rcc-acre\/\" class=\"\" rel=\"bookmark\">Continue a ler &raquo;<span class=\"screen-reader-text\">IX RCC Acre<\/span><\/a><\/p>\n","protected":false},"author":2,"featured_media":0,"parent":0,"menu_order":0,"comment_status":"closed","ping_status":"closed","template":"page-templates\/template-pagebuilder-full-width.php","meta":{"neve_meta_sidebar":"full-width","neve_meta_container":"","neve_meta_enable_content_width":"on","neve_meta_content_width":100,"neve_meta_title_alignment":"","neve_meta_author_avatar":"","neve_post_elements_order":"","neve_meta_disable_header":"","neve_meta_disable_footer":"","neve_meta_disable_title":"on","footnotes":""},"_links":{"self":[{"href":"http:\/\/sbcs-noroeste.agr.br\/wp2\/wp-json\/wp\/v2\/pages\/2078"}],"collection":[{"href":"http:\/\/sbcs-noroeste.agr.br\/wp2\/wp-json\/wp\/v2\/pages"}],"about":[{"href":"http:\/\/sbcs-noroeste.agr.br\/wp2\/wp-json\/wp\/v2\/types\/page"}],"author":[{"embeddable":true,"href":"http:\/\/sbcs-noroeste.agr.br\/wp2\/wp-json\/wp\/v2\/users\/2"}],"replies":[{"embeddable":true,"href":"http:\/\/sbcs-noroeste.agr.br\/wp2\/wp-json\/wp\/v2\/comments?post=2078"}],"version-history":[{"count":18,"href":"http:\/\/sbcs-noroeste.agr.br\/wp2\/wp-json\/wp\/v2\/pages\/2078\/revisions"}],"predecessor-version":[{"id":4014,"href":"http:\/\/sbcs-noroeste.agr.br\/wp2\/wp-json\/wp\/v2\/pages\/2078\/revisions\/4014"}],"wp:attachment":[{"href":"http:\/\/sbcs-noroeste.agr.br\/wp2\/wp-json\/wp\/v2\/media?parent=2078"}],"curies":[{"name":"wp","href":"https:\/\/api.w.org\/{rel}","templated":true}]}}